{"id":528,"date":"2022-01-24T14:54:19","date_gmt":"2022-01-24T14:54:19","guid":{"rendered":"https:\/\/demoweb.company\/bds04\/?page_id=528"},"modified":"2022-03-14T05:48:57","modified_gmt":"2022-03-14T05:48:57","slug":"gioi-thieu","status":"publish","type":"page","link":"http:\/\/demoweb.company\/bds04\/gioi-thieu\/","title":{"rendered":"Gi\u1edbi thi\u1ec7u"},"content":{"rendered":"\n<!-- wp:flatsome\/uxbuilder --> \n  <div class=\"banner has-hover\" id=\"banner-1273711121\">\n          <div class=\"banner-inner fill\">\n        <div class=\"banner-bg fill\" >\n            <div class=\"bg fill bg-fill \"><\/div>\n                                    \n                    <\/div>\n\t\t\n        <div class=\"banner-layers container\">\n            <div class=\"fill banner-link\"><\/div>                <div id=\"text-box-1671563698\" class=\"text-box banner-layer x50 md-x50 lg-x50 y50 md-y50 lg-y50 res-text\">\n                                <div class=\"text-box-content text dark\">\n              \n              <div class=\"text-inner text-center\">\n                   \t<div id=\"text-1369689010\" class=\"text\">\n\t\t\r\n<h3 class=\"uppercase\"><strong>GI\u1edaI THI\u1ec6U v\u1ec1 lestay<\/strong><\/h3>\r\nV\u1edbi \u0111\u1ed9i ng\u0169 nh\u00e2n vi\u00ean chuy\u00ean nghi\u1ec7p, ch\u00fang t\u00f4i t\u1ef1 tin c\u00f3 th\u1ec3 l\u00e0m h\u00e0i l\u00f2ng m\u1ecdi kh\u00e1ch h\u00e0ng\r\n\r\n\t\t\n<style>\n#text-1369689010 {\n  color: rgb(0, 0, 0);\n}\n#text-1369689010 > * {\n  color: rgb(0, 0, 0);\n}\n<\/style>\n\t<\/div>\n\t               <\/div>\n           <\/div>\n                            \n<style>\n#text-box-1671563698 .text-box-content {\n  background-color: rgba(255, 255, 255, 0.622);\n  border-radius: 10px;\n  font-size: 100%;\n}\n#text-box-1671563698 .text-inner {\n  padding: 15px 15px 9px 15px;\n}\n#text-box-1671563698 {\n  width: 90%;\n}\n@media (min-width:550px) {\n  #text-box-1671563698 {\n    width: 45%;\n  }\n}\n<\/style>\n    <\/div>\n          <\/div>\n      <\/div>\n\n              <div class=\"height-fix is-invisible\"><img width=\"1920\" height=\"887\" src=\"http:\/\/demoweb.company\/bds04\/wp-content\/uploads\/2022\/01\/bn2.jpg\" class=\"attachment-large size-large\" alt=\"\" loading=\"lazy\" srcset=\"http:\/\/demoweb.company\/bds04\/wp-content\/uploads\/2022\/01\/bn2.jpg 1920w, http:\/\/demoweb.company\/bds04\/wp-content\/uploads\/2022\/01\/bn2-250x115.jpg 250w, http:\/\/demoweb.company\/bds04\/wp-content\/uploads\/2022\/01\/bn2-768x355.jpg 768w, http:\/\/demoweb.company\/bds04\/wp-content\/uploads\/2022\/01\/bn2-1536x710.jpg 1536w, http:\/\/demoweb.company\/bds04\/wp-content\/uploads\/2022\/01\/bn2-600x277.jpg 600w\" sizes=\"(max-width: 1920px) 100vw, 1920px\" \/><\/div>\n            \n<style>\n#banner-1273711121 .bg.bg-loaded {\n  background-image: url(http:\/\/demoweb.company\/bds04\/wp-content\/uploads\/2022\/01\/bn2.jpg);\n}\n#banner-1273711121 .ux-shape-divider--top svg {\n  height: 150px;\n  --divider-top-width: 100%;\n}\n#banner-1273711121 .ux-shape-divider--bottom svg {\n  height: 150px;\n  --divider-width: 100%;\n}\n<\/style>\n  <\/div>\n\n <div class=\"row\"  id=\"row-689993800\"> \n\t<div id=\"col-2133268755\" class=\"col small-12 large-12\"  >\n\t\t\t\t<div class=\"col-inner\"  >\n\t\t\t\n\t\t\t <div class=\"container section-title-container\" ><h3 class=\"section-title section-title-bold-center\"><b><\/b><span class=\"section-title-main\" >v\u1ec1 lestay<\/span><b><\/b><\/h3><\/div>\r\n\r\nN\u1ed9i dung gi\u1edbi thi\u1ec7u \u0111ang \u0111\u01b0\u1ee3c c\u1eadp nh\u1eadt, h\u00e3y quay l\u1ea1i sau c\u1ea3m \u01a1n!\r\n\r\n\t\t<\/div>\n\t\t\t\t\t<\/div>\n\n\t <\/div> <!-- \/wp:flatsome\/uxbuilder -->\n\n\n","protected":false},"excerpt":{"rendered":"","protected":false},"author":1,"featured_media":0,"parent":0,"menu_order":0,"comment_status":"closed","ping_status":"closed","template":"page-blank.php","meta":[],"yoast_head":"<!-- This site is optimized with the Yoast SEO plugin v17.9 - https:\/\/yoast.com\/wordpress\/plugins\/seo\/ -->\n<title>Gi\u1edbi thi\u1ec7u - LESTAY<\/title>\n<meta name=\"robots\" content=\"noindex, follow, max-snippet:-1, max-image-preview:large, max-video-preview:-1\" \/>\n<meta property=\"og:locale\" content=\"vi_VN\" \/>\n<meta property=\"og:type\" content=\"article\" \/>\n<meta property=\"og:title\" content=\"Gi\u1edbi thi\u1ec7u - LESTAY\" \/>\n<meta property=\"og:url\" content=\"http:\/\/demoweb.company\/bds04\/gioi-thieu\/\" \/>\n<meta property=\"og:site_name\" content=\"LESTAY\" \/>\n<meta property=\"article:modified_time\" content=\"2022-03-14T05:48:57+00:00\" \/>\n<meta name=\"twitter:card\" content=\"summary_large_image\" \/>\n<script type=\"application\/ld+json\" class=\"yoast-schema-graph\">{\"@context\":\"https:\/\/schema.org\",\"@graph\":[{\"@type\":\"WebSite\",\"@id\":\"http:\/\/demoweb.company\/bds04\/#website\",\"url\":\"http:\/\/demoweb.company\/bds04\/\",\"name\":\"LESTAY\",\"description\":\"RESIDENCES &amp; HOTELS\",\"potentialAction\":[{\"@type\":\"SearchAction\",\"target\":{\"@type\":\"EntryPoint\",\"urlTemplate\":\"http:\/\/demoweb.company\/bds04\/?s={search_term_string}\"},\"query-input\":\"required name=search_term_string\"}],\"inLanguage\":\"vi\"},{\"@type\":\"WebPage\",\"@id\":\"http:\/\/demoweb.company\/bds04\/gioi-thieu\/#webpage\",\"url\":\"http:\/\/demoweb.company\/bds04\/gioi-thieu\/\",\"name\":\"Gi\\u1edbi thi\\u1ec7u - LESTAY\",\"isPartOf\":{\"@id\":\"http:\/\/demoweb.company\/bds04\/#website\"},\"datePublished\":\"2022-01-24T14:54:19+00:00\",\"dateModified\":\"2022-03-14T05:48:57+00:00\",\"breadcrumb\":{\"@id\":\"http:\/\/demoweb.company\/bds04\/gioi-thieu\/#breadcrumb\"},\"inLanguage\":\"vi\",\"potentialAction\":[{\"@type\":\"ReadAction\",\"target\":[\"http:\/\/demoweb.company\/bds04\/gioi-thieu\/\"]}]},{\"@type\":\"BreadcrumbList\",\"@id\":\"http:\/\/demoweb.company\/bds04\/gioi-thieu\/#breadcrumb\",\"itemListElement\":[{\"@type\":\"ListItem\",\"position\":1,\"name\":\"Trang ch\\u1ee7\",\"item\":\"http:\/\/demoweb.company\/bds04\/\"},{\"@type\":\"ListItem\",\"position\":2,\"name\":\"Gi\\u1edbi thi\\u1ec7u\"}]}]}<\/script>\n<!-- \/ Yoast SEO plugin. -->","yoast_head_json":{"title":"Gi\u1edbi thi\u1ec7u - LESTAY","robots":{"index":"noindex","follow":"follow","max-snippet":"max-snippet:-1","max-image-preview":"max-image-preview:large","max-video-preview":"max-video-preview:-1"},"og_locale":"vi_VN","og_type":"article","og_title":"Gi\u1edbi thi\u1ec7u - LESTAY","og_url":"http:\/\/demoweb.company\/bds04\/gioi-thieu\/","og_site_name":"LESTAY","article_modified_time":"2022-03-14T05:48:57+00:00","twitter_card":"summary_large_image","schema":{"@context":"https:\/\/schema.org","@graph":[{"@type":"WebSite","@id":"http:\/\/demoweb.company\/bds04\/#website","url":"http:\/\/demoweb.company\/bds04\/","name":"LESTAY","description":"RESIDENCES &amp; HOTELS","potentialAction":[{"@type":"SearchAction","target":{"@type":"EntryPoint","urlTemplate":"http:\/\/demoweb.company\/bds04\/?s={search_term_string}"},"query-input":"required name=search_term_string"}],"inLanguage":"vi"},{"@type":"WebPage","@id":"http:\/\/demoweb.company\/bds04\/gioi-thieu\/#webpage","url":"http:\/\/demoweb.company\/bds04\/gioi-thieu\/","name":"Gi\u1edbi thi\u1ec7u - LESTAY","isPartOf":{"@id":"http:\/\/demoweb.company\/bds04\/#website"},"datePublished":"2022-01-24T14:54:19+00:00","dateModified":"2022-03-14T05:48:57+00:00","breadcrumb":{"@id":"http:\/\/demoweb.company\/bds04\/gioi-thieu\/#breadcrumb"},"inLanguage":"vi","potentialAction":[{"@type":"ReadAction","target":["http:\/\/demoweb.company\/bds04\/gioi-thieu\/"]}]},{"@type":"BreadcrumbList","@id":"http:\/\/demoweb.company\/bds04\/gioi-thieu\/#breadcrumb","itemListElement":[{"@type":"ListItem","position":1,"name":"Trang ch\u1ee7","item":"http:\/\/demoweb.company\/bds04\/"},{"@type":"ListItem","position":2,"name":"Gi\u1edbi thi\u1ec7u"}]}]}},"_links":{"self":[{"href":"http:\/\/demoweb.company\/bds04\/wp-json\/wp\/v2\/pages\/528"}],"collection":[{"href":"http:\/\/demoweb.company\/bds04\/wp-json\/wp\/v2\/pages"}],"about":[{"href":"http:\/\/demoweb.company\/bds04\/wp-json\/wp\/v2\/types\/page"}],"author":[{"embeddable":true,"href":"http:\/\/demoweb.company\/bds04\/wp-json\/wp\/v2\/users\/1"}],"replies":[{"embeddable":true,"href":"http:\/\/demoweb.company\/bds04\/wp-json\/wp\/v2\/comments?post=528"}],"version-history":[{"count":1,"href":"http:\/\/demoweb.company\/bds04\/wp-json\/wp\/v2\/pages\/528\/revisions"}],"predecessor-version":[{"id":795,"href":"http:\/\/demoweb.company\/bds04\/wp-json\/wp\/v2\/pages\/528\/revisions\/795"}],"wp:attachment":[{"href":"http:\/\/demoweb.company\/bds04\/wp-json\/wp\/v2\/media?parent=528"}],"curies":[{"name":"wp","href":"https:\/\/api.w.org\/{rel}","templated":true}]}}