{"id":40,"date":"2023-06-24T10:19:03","date_gmt":"2023-06-24T10:19:03","guid":{"rendered":"http:\/\/demoweb.company\/vnuapharma\/?post_type=product&#038;p=40"},"modified":"2023-06-25T18:58:49","modified_gmt":"2023-06-25T18:58:49","slug":"vien-uong-sang-da-optiwhite-60-vien","status":"publish","type":"product","link":"http:\/\/demoweb.company\/vnuapharma\/san-pham\/vien-uong-sang-da-optiwhite-60-vien\/","title":{"rendered":"VI\u00caN U\u1ed0NG S\u00c1NG DA OPTIWHITE VNUA"},"content":{"rendered":"<p>Vi\u00ean u\u1ed1ng s\u00e1ng da OPTIWHITE C\u00f4ng th\u1ee9c c\u1ea3i ti\u1ebfn tr\u00ean n\u1ec1n vi\u00ean u\u1ed1ng s\u00e1ng da \u201cNANO SPIRULINA\u201d.<\/p>\n<p>Vi\u00ean u\u1ed1ng OPTIWHITE s\u1eed d\u1ee5ng tinh tu\u00fd c\u1ee7a vi\u00ean u\u1ed1ng OPTIWHITE k\u1ebft h\u1ee3p v\u1edbi c\u00e1c lo\u00e0i th\u1ea3o d\u01b0\u1ee3c qu\u00fd nh\u01b0 astaxanthin 5% (chi\u1ebft xu\u1ea5t t\u1ea3o \u0111\u1ecf Haematococus), L-Glutathion 98%, nano collagen (ngu\u1ed3n g\u1ed1c nh\u1eadt b\u1ea3n) c\u00f3 kh\u1ed1i l\u01b0\u1ee3ng ph\u00e2n t\u1eed l\u1edbn c\u00f3 t\u00e1c d\u1ee5ng t\u0103ng \u0111\u1ed9 \u0111\u00e0n h\u1ed3i, gi\u1ea3m nh\u0103n da, kh\u00f4 da, gi\u1ea3m th\u00e2m n\u00e1m v\u00e0 gi\u00fap da tr\u1eafng s\u00e1ng t\u1ef1 nhi\u00ean t\u1eeb b\u00ean trong.<\/p>\n<p><img loading=\"lazy\" decoding=\"async\" class=\"aligncenter size-full wp-image-382\" src=\"http:\/\/demoweb.company\/vnuapharma\/wp-content\/uploads\/2023\/06\/vien-sd.jpg\" alt=\"\" width=\"2500\" height=\"1516\" srcset=\"http:\/\/demoweb.company\/vnuapharma\/wp-content\/uploads\/2023\/06\/vien-sd.jpg 2500w, http:\/\/demoweb.company\/vnuapharma\/wp-content\/uploads\/2023\/06\/vien-sd-300x182.jpg 300w, http:\/\/demoweb.company\/vnuapharma\/wp-content\/uploads\/2023\/06\/vien-sd-1024x621.jpg 1024w, http:\/\/demoweb.company\/vnuapharma\/wp-content\/uploads\/2023\/06\/vien-sd-768x466.jpg 768w, http:\/\/demoweb.company\/vnuapharma\/wp-content\/uploads\/2023\/06\/vien-sd-1536x931.jpg 1536w, http:\/\/demoweb.company\/vnuapharma\/wp-content\/uploads\/2023\/06\/vien-sd-2048x1242.jpg 2048w, http:\/\/demoweb.company\/vnuapharma\/wp-content\/uploads\/2023\/06\/vien-sd-600x364.jpg 600w\" sizes=\"auto, (max-width: 2500px) 100vw, 2500px\" \/><\/p>\n<p>Th\u00e0nh ph\u1ea7n vi\u00ean u\u1ed1ng s\u00e1ng da OPTIWHITE<\/p>\n<p>&nbsp;<\/p>\n<p>Vi\u00ean u\u1ed1ng s\u00e1ng da OPTIWHITE v\u1edbi c\u00e1c ch\u01b0a nhi\u1ec1u c\u00e1c th\u00e0nh ph\u1ea7n qu\u00fd t\u1eeb t\u1ef1 nhi\u00ean nh\u01b0:<\/p>\n<p>\u2013 Chi\u1ebft xu\u1ea5t t\u1ef1 nhi\u00ean t\u1eeb T\u1ea3o xo\u1eafn Spirulina<\/p>\n<p>\u2013 Chi\u1ebft xu\u1ea5t t\u1ea3o \u0111\u1ecf Haematococus: astaxanthin 5%<\/p>\n<p>\u2013 L-Glutathion 98% c\u00f3 trong chi\u1ebft xu\u1ea5t m\u0103ng t\u00e2y<\/p>\n<p>\u2013 Tinh ch\u1ea5t \u0111\u00f4ng tr\u00f9ng h\u1ea1 th\u1ea3o<\/p>\n<p>\u2013 Nano collagen (ngu\u1ed3n g\u1ed1c nh\u1eadt b\u1ea3n) c\u00f3 kh\u1ed1i l\u01b0\u1ee3ng ph\u00e2n t\u1eed l\u1edbn<\/p>\n<p>Ngo\u00e0i ra c\u00f2n ch\u1ee9a nhi\u1ec1u th\u00e0nh ph\u1ea7n kh\u00e1c ph\u1ea3i k\u1ec3 \u0111\u1ebfn l\u00e0 chi\u1ebft xu\u1ea5t ngh\u1ec7 v\u00e0ng nano, chi\u1ebft xu\u1ea5t d\u00e2u t\u1eb1m, chi\u1ebft xu\u1ea5t d\u01b0\u01a1ng x\u1ec9 v\u00e0 vitamin E.<\/p>\n<p>C\u00f4ng d\u1ee5ng s\u1ea3n ph\u1ea9m :<\/p>\n<p>\u2013 Gi\u00fap d\u01b0\u1ee1ng da, t\u0103ng \u0111\u1ed9 \u00e2m t\u0103ng \u0111\u1ed9 \u0111\u00e0n h\u1ed3i da<\/p>\n<p>\u2013 H\u1ed7 tr\u1ee3 gi\u1ea3m n\u00e1m da, gi\u00fap s\u00e1ng da, \u0111\u1eb9p da<\/p>\n<p>\u2013 H\u1ed7 tr\u1ee3 gi\u1ea3m tri\u1ec7u ch\u1ee9ng kh\u00f4 da, nh\u0103n da<\/p>\n<p>HDSD :<\/p>\n<p>\u2013 \u0110\u1ed1i v\u1edbi t\u00ecnh tr\u1ea1ng da n\u00e1m nh\u1eb9 ho\u1eb7c s\u1ea1m nh\u1eb9: Ng\u00e0y 2 vi\u00ean : S\u00e1ng 1 vi\u00ean v\u00e0 t\u1ed1i 1 vi\u00ean<\/p>\n<p>\u2013 \u0110\u1ed1i v\u1edbi tr\u01b0\u1eddng h\u1ee3p n\u00e1m v\u00e0 da s\u1ea1m l\u00e2u n\u0103m: Ng\u00e0y 4 vi\u00ean : s\u00e1ng 2 vi\u00ean v\u00e0 t\u1ed1i 2 vi\u00ean<\/p>\n<p>\u0110\u1ed1i t\u01b0\u1ee3ng s\u1eed d\u1ee5ng s\u1ea3n ph\u1ea9m vi\u00ean u\u1ed1ng s\u00e1ng da OPTIWHITE<\/p>\n<p>\u2013 Ng\u01b0\u1eddi mu\u1ed1n l\u00e0m s\u00e1ng da, \u0111\u1eb9p da<\/p>\n<p>\u2013 Ng\u01b0\u1eddi b\u1ecb kh\u00f4 da, nh\u0103n da, n\u00e1m da<\/p>\n<p>L\u01b0u \u00fd B\u1ea3o qu\u1ea3n n\u01a1i kh\u00f4 r\u00e1o, tho\u00e1ng m\u00e1t, tr\u00e1nh \u00e1nh n\u1eafng tr\u1ef1c ti\u1ebfp.<\/p>\n<p>S\u1ea3n ph\u1ea9m n\u00e0y kh\u00f4ng ph\u1ea3i l\u00e0 thu\u1ed1c, kh\u00f4ng c\u00f3 t\u00e1c d\u1ee5ng thay th\u1ebf thu\u1ed1c ch\u1eefa b\u1ec7nh. Kh\u00f4ng s\u1eed d\u1ee5ng cho ng\u01b0\u1eddi m\u1eabn c\u1ea3m v\u1edbi b\u1ea5t k\u1ef3 th\u00e0nh ph\u1ea7n n\u00e0o c\u1ee7a s\u1ea3n<\/p>\n","protected":false},"excerpt":{"rendered":"<p>Gi\u00fap d\u01b0\u1ee1ng da, t\u0103ng \u0111\u1ed9 \u00e2m t\u0103ng \u0111\u1ed9 \u0111\u00e0n h\u1ed3i da<\/p>\n<p>H\u1ed7 tr\u1ee3 gi\u1ea3m n\u00e1m da, gi\u00fap s\u00e1ng da, \u0111\u1eb9p da<\/p>\n<p>H\u1ed7 tr\u1ee3 gi\u1ea3m tri\u1ec7u ch\u1ee9ng kh\u00f4 da, nh\u0103n da<\/p>\n","protected":false},"featured_media":41,"comment_status":"open","ping_status":"closed","template":"","meta":[],"product_cat":[20,24,23,19],"product_tag":[],"class_list":["post-40","product","type-product","status-publish","has-post-thumbnail","hentry","product_cat-lam-dep","product_cat-san-pham-ban-chay","product_cat-san-pham-moi","product_cat-suc-khoe"],"_links":{"self":[{"href":"http:\/\/demoweb.company\/vnuapharma\/wp-json\/wp\/v2\/product\/40","targetHints":{"allow":["GET"]}}],"collection":[{"href":"http:\/\/demoweb.company\/vnuapharma\/wp-json\/wp\/v2\/product"}],"about":[{"href":"http:\/\/demoweb.company\/vnuapharma\/wp-json\/wp\/v2\/types\/product"}],"replies":[{"embeddable":true,"href":"http:\/\/demoweb.company\/vnuapharma\/wp-json\/wp\/v2\/comments?post=40"}],"wp:featuredmedia":[{"embeddable":true,"href":"http:\/\/demoweb.company\/vnuapharma\/wp-json\/wp\/v2\/media\/41"}],"wp:attachment":[{"href":"http:\/\/demoweb.company\/vnuapharma\/wp-json\/wp\/v2\/media?parent=40"}],"wp:term":[{"taxonomy":"product_cat","embeddable":true,"href":"http:\/\/demoweb.company\/vnuapharma\/wp-json\/wp\/v2\/product_cat?post=40"},{"taxonomy":"product_tag","embeddable":true,"href":"http:\/\/demoweb.company\/vnuapharma\/wp-json\/wp\/v2\/product_tag?post=40"}],"curies":[{"name":"wp","href":"https:\/\/api.w.org\/{rel}","templated":true}]}}