{"id":12,"date":"2025-06-06T10:16:50","date_gmt":"2025-06-06T10:16:50","guid":{"rendered":"https:\/\/demoweb.company\/caevietnam\/?page_id=12"},"modified":"2025-07-29T16:44:44","modified_gmt":"2025-07-29T09:44:44","slug":"lien-he","status":"publish","type":"page","link":"https:\/\/demoweb.company\/bachdang\/lien-he\/","title":{"rendered":"Li\u00ean h\u00ea\u0323"},"content":{"rendered":"\n\n\t<section class=\"section dark\" id=\"section_1035078691\">\n\t\t<div class=\"section-bg fill\" >\n\t\t\t<img loading=\"lazy\" decoding=\"async\" width=\"1440\" height=\"275\" src=\"https:\/\/demoweb.company\/bachdang\/wp-content\/uploads\/2025\/07\/bg-header.jpg\" class=\"bg attachment-original size-original\" alt=\"\" \/>\t\t\t\t\t\t\n\t\t\t\n\n\t\t<\/div>\n\n\t\t\n\n\t\t<div class=\"section-content relative\">\n\t\t\t\n\n<div class=\"row\"  id=\"row-5575120\">\n\n\n\t<div id=\"col-478215266\" class=\"col small-12 large-12\"  >\n\t\t\t\t<div class=\"col-inner text-center\"  >\n\t\t\t\n\t\t\t\n\n\t<div id=\"text-3843711104\" class=\"text txt-bread\">\n\t\t\n\n<span><span><a href=\"https:\/\/demoweb.company\/bachdang\/\">Trang ch\u1ee7<\/a><\/span><\/span>\n\t\t\t<\/div>\n\t\n\t<div id=\"gap-382490161\" class=\"gap-element clearfix\" style=\"display:block; height:auto;\">\n\t\t\n<style>\n#gap-382490161 {\n  padding-top: 15px;\n}\n<\/style>\n\t<\/div>\n\t\n\n\t<div id=\"text-199659474\" class=\"text home txt-line-hight\">\n\t\t\n\n<h2>Li\u00ean h\u1ec7<\/h2>\n\t\t\t<\/div>\n\t\n\n\t\t<\/div>\n\t\t\t\t\n<style>\n#col-478215266 > .col-inner {\n  margin: 9% 0px -25px 0px;\n}\n<\/style>\n\t<\/div>\n\n\t\n\n<\/div>\n\n\t\t<\/div>\n\n\t\t\n<style>\n#section_1035078691 {\n  padding-top: 0px;\n  padding-bottom: 0px;\n}\n#section_1035078691 .section-bg img {\n  object-position: 0% 0%;\n}\n<\/style>\n\t<\/section>\n\t\n\t<div id=\"text-2432640583\" class=\"text txt-map\">\n\t\t\n\n<p><iframe src=\"https:\/\/www.google.com\/maps\/embed?pb=!1m18!1m12!1m3!1d14900.77184943988!2d106.723422516069!3d20.98490079130827!2m3!1f0!2f0!3f0!3m2!1i1024!2i768!4f13.1!3m3!1m2!1s0x314a62c14f63bc55%3A0xa015e25878c3136b!2zQuG6oWNoIMSQ4bqxbmcsIEdpYSDEkOG7qWMsIFRo4buneSBOZ3V5w6puLCBI4bqjaSBQaMOybmcsIFZp4buHdCBOYW0!5e0!3m2!1svi!2s!4v1752609624408!5m2!1svi!2s\" width=\"100%\" height=\"450\" style=\"border:0;\" allowfullscreen=\"\" loading=\"lazy\" referrerpolicy=\"no-referrer-when-downgrade\"><\/iframe><\/p>\n\t\t\t<\/div>\n\t\n\n\t<section class=\"section dark\" id=\"section_1788476512\">\n\t\t<div class=\"section-bg fill\" >\n\t\t\t<img loading=\"lazy\" decoding=\"async\" width=\"720\" height=\"367\" src=\"https:\/\/demoweb.company\/bachdang\/wp-content\/uploads\/2025\/07\/gt-3.jpg\" class=\"bg attachment-original size-original\" alt=\"\" \/>\t\t\t\t\t\t<div class=\"section-bg-overlay absolute fill\"><\/div>\n\t\t\t\n\n\t\t<\/div>\n\n\t\t\n\n\t\t<div class=\"section-content relative\">\n\t\t\t\n\n<div class=\"row align-center\"  id=\"row-1706155372\">\n\n\n\t<div id=\"col-1784062936\" class=\"col medium-10 small-12 large-10\"  >\n\t\t\t\t<div class=\"col-inner\"  >\n\t\t\t\n\t\t\t\n\n\t<div id=\"text-3320815418\" class=\"text\">\n\t\t\n\n<h2>Xi m\u0103ng B\u1ea1ch \u0110\u1eb1ng<br \/>V\u1eefng c\u00f4ng tr\u00ecnh &#8211; Xanh t\u01b0\u01a1ng lai<\/h2>\n<p>N\u1ebfu c\u00f3 b\u1ea5t k\u1ef3 g\u00f3p \u00fd, th\u1eafc m\u1eafc, qu\u00fd kh\u00e1ch h\u00e0ng vui l\u00f2ng \u0111i\u1ec1n \u0111\u1ea7y \u0111\u1ee7 th\u00f4ng tin<\/br>v\u00e0o form li\u00ean h\u1ec7 d\u01b0\u1edbi \u0111\u00e2y.<\/p>\n\t\t\n<style>\n#text-3320815418 {\n  text-align: center;\n}\n<\/style>\n\t<\/div>\n\t\n\n\t\t<\/div>\n\t\t\t\t\t<\/div>\n\n\t\n\n\t<div id=\"col-746553245\" class=\"col medium-6 small-12 large-6\"  >\n\t\t\t\t<div class=\"col-inner\"  >\n\t\t\t\n\t\t\t\n\n\n<div class=\"wpcf7 no-js\" id=\"wpcf7-f226-o1\" lang=\"vi\" dir=\"ltr\" data-wpcf7-id=\"226\">\n<div class=\"screen-reader-response\"><p role=\"status\" aria-live=\"polite\" aria-atomic=\"true\"><\/p> <ul><\/ul><\/div>\n<form action=\"\/bachdang\/wp-json\/wp\/v2\/pages\/12#wpcf7-f226-o1\" method=\"post\" class=\"wpcf7-form init\" aria-label=\"Form li\u00ean h\u1ec7\" novalidate=\"novalidate\" data-status=\"init\">\n<fieldset class=\"hidden-fields-container\"><input type=\"hidden\" name=\"_wpcf7\" value=\"226\" \/><input type=\"hidden\" name=\"_wpcf7_version\" value=\"6.1\" \/><input type=\"hidden\" name=\"_wpcf7_locale\" value=\"vi\" \/><input type=\"hidden\" name=\"_wpcf7_unit_tag\" value=\"wpcf7-f226-o1\" \/><input type=\"hidden\" name=\"_wpcf7_container_post\" value=\"0\" \/><input type=\"hidden\" name=\"_wpcf7_posted_data_hash\" value=\"\" \/>\n<\/fieldset>\n<p><label> H\u1ecd & t\u00ean<br \/>\n<span class=\"wpcf7-form-control-wrap\" data-name=\"your-name\"><input size=\"40\" maxlength=\"400\" class=\"wpcf7-form-control wpcf7-text wpcf7-validates-as-required\" aria-required=\"true\" aria-invalid=\"false\" placeholder=\"Nh\u1eadp h\u1ecd t\u00ean\" value=\"\" type=\"text\" name=\"your-name\" \/><\/span> <\/label>\n<\/p>\n<p><label> Email<br \/>\n<span class=\"wpcf7-form-control-wrap\" data-name=\"your-email\"><input size=\"40\" maxlength=\"400\" class=\"wpcf7-form-control wpcf7-email wpcf7-validates-as-required wpcf7-text wpcf7-validates-as-email\" aria-required=\"true\" aria-invalid=\"false\" placeholder=\"Nh\u1eadp \u0111\u1ecba ch\u1ec9 email\" value=\"\" type=\"email\" name=\"your-email\" \/><\/span> <\/label>\n<\/p>\n<p><label> S\u1ed1 \u0111i\u1ec7n tho\u1ea1i<br \/>\n<span class=\"wpcf7-form-control-wrap\" data-name=\"tel-95\"><input size=\"40\" maxlength=\"400\" class=\"wpcf7-form-control wpcf7-tel wpcf7-validates-as-required wpcf7-text wpcf7-validates-as-tel\" aria-required=\"true\" aria-invalid=\"false\" placeholder=\"Nh\u1eadp s\u1ed1 \u0111i\u1ec7n tho\u1ea1i\" value=\"\" type=\"tel\" name=\"tel-95\" \/><\/span> <\/label>\n<\/p>\n<p><label> N\u1ed9i dung li\u00ean h\u1ec7<br \/>\n<span class=\"wpcf7-form-control-wrap\" data-name=\"your-message\"><textarea cols=\"40\" rows=\"10\" maxlength=\"2000\" class=\"wpcf7-form-control wpcf7-textarea\" aria-invalid=\"false\" placeholder=\"Nh\u1eadp n\u1ed9i dung li\u00ean h\u1ec7\" name=\"your-message\"><\/textarea><\/span> <\/label>\n<\/p>\n<div class=\"col-right-frm\">\n\t<p><input class=\"wpcf7-form-control wpcf7-submit has-spinner btn-sm\" type=\"submit\" value=\"G\u1eedi tin nh\u1eafn\" \/>\n\t<\/p>\n<\/div><div class=\"wpcf7-response-output\" aria-hidden=\"true\"><\/div>\n<\/form>\n<\/div>\n\n\n\n\t\t<\/div>\n\t\t\t\t\n<style>\n#col-746553245 > .col-inner {\n  margin: 0px 0px -15px 0px;\n}\n<\/style>\n\t<\/div>\n\n\t\n\n<\/div>\n\n\t\t<\/div>\n\n\t\t\n<style>\n#section_1788476512 {\n  padding-top: 50px;\n  padding-bottom: 50px;\n}\n#section_1788476512 .section-bg-overlay {\n  background-color: rgba(15, 29, 49, 0.849);\n}\n<\/style>\n\t<\/section>\n\t\n\n","protected":false},"excerpt":{"rendered":"","protected":false},"author":1,"featured_media":0,"parent":0,"menu_order":0,"comment_status":"closed","ping_status":"closed","template":"page-transparent-header.php","meta":{"footnotes":""},"class_list":["post-12","page","type-page","status-publish","hentry"],"yoast_head":"<!-- This site is optimized with the Yoast SEO Premium plugin v22.9 (Yoast SEO v22.9) - https:\/\/yoast.com\/wordpress\/plugins\/seo\/ -->\n<title>Li\u00ean h\u00ea\u0323 - XI M\u0102NG B\u1ea0CH \u0110\u1eb0NG<\/title>\n<meta name=\"robots\" content=\"noindex, follow, max-snippet:-1, max-image-preview:large, max-video-preview:-1\" \/>\n<meta property=\"og:locale\" content=\"vi_VN\" \/>\n<meta property=\"og:type\" content=\"article\" \/>\n<meta property=\"og:title\" content=\"Li\u00ean h\u00ea\u0323\" \/>\n<meta property=\"og:url\" content=\"https:\/\/demoweb.company\/bachdang\/lien-he\/\" \/>\n<meta property=\"og:site_name\" content=\"XI M\u0102NG B\u1ea0CH \u0110\u1eb0NG\" \/>\n<meta property=\"article:modified_time\" content=\"2025-07-29T09:44:44+00:00\" \/>\n<meta name=\"twitter:card\" content=\"summary_large_image\" \/>\n<script type=\"application\/ld+json\" class=\"yoast-schema-graph\">{\"@context\":\"https:\/\/schema.org\",\"@graph\":[{\"@type\":\"WebPage\",\"@id\":\"https:\/\/demoweb.company\/bachdang\/lien-he\/\",\"url\":\"https:\/\/demoweb.company\/bachdang\/lien-he\/\",\"name\":\"Li\u00ean h\u00ea\u0323 - XI M\u0102NG B\u1ea0CH \u0110\u1eb0NG\",\"isPartOf\":{\"@id\":\"https:\/\/demoweb.company\/bachdang\/#website\"},\"datePublished\":\"2025-06-06T10:16:50+00:00\",\"dateModified\":\"2025-07-29T09:44:44+00:00\",\"breadcrumb\":{\"@id\":\"https:\/\/demoweb.company\/bachdang\/lien-he\/#breadcrumb\"},\"inLanguage\":\"vi\",\"potentialAction\":[{\"@type\":\"ReadAction\",\"target\":[\"https:\/\/demoweb.company\/bachdang\/lien-he\/\"]}]},{\"@type\":\"BreadcrumbList\",\"@id\":\"https:\/\/demoweb.company\/bachdang\/lien-he\/#breadcrumb\",\"itemListElement\":[{\"@type\":\"ListItem\",\"position\":1,\"name\":\"Trang ch\u1ee7\",\"item\":\"https:\/\/demoweb.company\/bachdang\/\"},{\"@type\":\"ListItem\",\"position\":2,\"name\":\"Li\u00ean h\u00ea\u0323\"}]},{\"@type\":\"WebSite\",\"@id\":\"https:\/\/demoweb.company\/bachdang\/#website\",\"url\":\"https:\/\/demoweb.company\/bachdang\/\",\"name\":\"XI M\u0102NG B\u1ea0CH \u0110\u1eb0NG\",\"description\":\"\",\"potentialAction\":[{\"@type\":\"SearchAction\",\"target\":{\"@type\":\"EntryPoint\",\"urlTemplate\":\"https:\/\/demoweb.company\/bachdang\/?s={search_term_string}\"},\"query-input\":\"required name=search_term_string\"}],\"inLanguage\":\"vi\"}]}<\/script>\n<!-- \/ Yoast SEO Premium plugin. -->","yoast_head_json":{"title":"Li\u00ean h\u00ea\u0323 - XI M\u0102NG B\u1ea0CH \u0110\u1eb0NG","robots":{"index":"noindex","follow":"follow","max-snippet":"max-snippet:-1","max-image-preview":"max-image-preview:large","max-video-preview":"max-video-preview:-1"},"og_locale":"vi_VN","og_type":"article","og_title":"Li\u00ean h\u00ea\u0323","og_url":"https:\/\/demoweb.company\/bachdang\/lien-he\/","og_site_name":"XI M\u0102NG B\u1ea0CH \u0110\u1eb0NG","article_modified_time":"2025-07-29T09:44:44+00:00","twitter_card":"summary_large_image","schema":{"@context":"https:\/\/schema.org","@graph":[{"@type":"WebPage","@id":"https:\/\/demoweb.company\/bachdang\/lien-he\/","url":"https:\/\/demoweb.company\/bachdang\/lien-he\/","name":"Li\u00ean h\u00ea\u0323 - XI M\u0102NG B\u1ea0CH \u0110\u1eb0NG","isPartOf":{"@id":"https:\/\/demoweb.company\/bachdang\/#website"},"datePublished":"2025-06-06T10:16:50+00:00","dateModified":"2025-07-29T09:44:44+00:00","breadcrumb":{"@id":"https:\/\/demoweb.company\/bachdang\/lien-he\/#breadcrumb"},"inLanguage":"vi","potentialAction":[{"@type":"ReadAction","target":["https:\/\/demoweb.company\/bachdang\/lien-he\/"]}]},{"@type":"BreadcrumbList","@id":"https:\/\/demoweb.company\/bachdang\/lien-he\/#breadcrumb","itemListElement":[{"@type":"ListItem","position":1,"name":"Trang ch\u1ee7","item":"https:\/\/demoweb.company\/bachdang\/"},{"@type":"ListItem","position":2,"name":"Li\u00ean h\u00ea\u0323"}]},{"@type":"WebSite","@id":"https:\/\/demoweb.company\/bachdang\/#website","url":"https:\/\/demoweb.company\/bachdang\/","name":"XI M\u0102NG B\u1ea0CH \u0110\u1eb0NG","description":"","potentialAction":[{"@type":"SearchAction","target":{"@type":"EntryPoint","urlTemplate":"https:\/\/demoweb.company\/bachdang\/?s={search_term_string}"},"query-input":"required name=search_term_string"}],"inLanguage":"vi"}]}},"_links":{"self":[{"href":"https:\/\/demoweb.company\/bachdang\/wp-json\/wp\/v2\/pages\/12","targetHints":{"allow":["GET"]}}],"collection":[{"href":"https:\/\/demoweb.company\/bachdang\/wp-json\/wp\/v2\/pages"}],"about":[{"href":"https:\/\/demoweb.company\/bachdang\/wp-json\/wp\/v2\/types\/page"}],"author":[{"embeddable":true,"href":"https:\/\/demoweb.company\/bachdang\/wp-json\/wp\/v2\/users\/1"}],"replies":[{"embeddable":true,"href":"https:\/\/demoweb.company\/bachdang\/wp-json\/wp\/v2\/comments?post=12"}],"version-history":[{"count":9,"href":"https:\/\/demoweb.company\/bachdang\/wp-json\/wp\/v2\/pages\/12\/revisions"}],"predecessor-version":[{"id":811,"href":"https:\/\/demoweb.company\/bachdang\/wp-json\/wp\/v2\/pages\/12\/revisions\/811"}],"wp:attachment":[{"href":"https:\/\/demoweb.company\/bachdang\/wp-json\/wp\/v2\/media?parent=12"}],"curies":[{"name":"wp","href":"https:\/\/api.w.org\/{rel}","templated":true}]}}