{"id":500,"date":"2025-07-15T20:58:07","date_gmt":"2025-07-15T13:58:07","guid":{"rendered":"https:\/\/demoweb.company\/bachdang\/?page_id=500"},"modified":"2025-08-09T13:22:42","modified_gmt":"2025-08-09T06:22:42","slug":"linh-vuc-hoat-dong","status":"publish","type":"page","link":"https:\/\/demoweb.company\/bachdang\/linh-vuc-hoat-dong\/","title":{"rendered":"L\u0129nh v\u1ef1c ho\u1ea1t \u0111\u1ed9ng"},"content":{"rendered":"\n\n\t<section class=\"section dark\" id=\"section_190392034\">\n\t\t<div class=\"section-bg fill\" >\n\t\t\t<img loading=\"lazy\" decoding=\"async\" width=\"1440\" height=\"275\" src=\"https:\/\/demoweb.company\/bachdang\/wp-content\/uploads\/2025\/07\/bg-header.jpg\" class=\"bg attachment-original size-original\" alt=\"\" \/>\t\t\t\t\t\t\n\t\t\t\n\n\t\t<\/div>\n\n\t\t\n\n\t\t<div class=\"section-content relative\">\n\t\t\t\n\n<div class=\"row\"  id=\"row-834278880\">\n\n\n\t<div id=\"col-2103380933\" class=\"col small-12 large-12\"  >\n\t\t\t\t<div class=\"col-inner text-center\"  >\n\t\t\t\n\t\t\t\n\n\t<div id=\"text-1324054595\" class=\"text txt-bread\">\n\t\t\n\n<span><span><a href=\"https:\/\/demoweb.company\/bachdang\/\">Trang ch\u1ee7<\/a><\/span><\/span>\n\t\t\t<\/div>\n\t\n\t<div id=\"gap-1604781521\" class=\"gap-element clearfix\" style=\"display:block; height:auto;\">\n\t\t\n<style>\n#gap-1604781521 {\n  padding-top: 15px;\n}\n<\/style>\n\t<\/div>\n\t\n\n\t<div id=\"text-3753734630\" class=\"text home txt-line-hight\">\n\t\t\n\n<h2>L\u0129nh v\u1ef1c ho\u1ea1t \u0111\u1ed9ng c\u1ee7a B\u1ea0CH \u0110\u1eb0NG<\/h2>\n\t\t\t<\/div>\n\t\n\n\t\t<\/div>\n\t\t\t\t\n<style>\n#col-2103380933 > .col-inner {\n  margin: 9% 0px -25px 0px;\n}\n<\/style>\n\t<\/div>\n\n\t\n\n<\/div>\n\n\t\t<\/div>\n\n\t\t\n<style>\n#section_190392034 {\n  padding-top: 0px;\n  padding-bottom: 0px;\n}\n#section_190392034 .section-bg img {\n  object-position: 0% 0%;\n}\n<\/style>\n\t<\/section>\n\t\n\n\t<section class=\"section\" id=\"section_811495614\">\n\t\t<div class=\"section-bg fill\" >\n\t\t\t\t\t\t\t\t\t\n\t\t\t\n\n\t\t<\/div>\n\n\t\t\n\n\t\t<div class=\"section-content relative\">\n\t\t\t\n\n\n\t\t<div class=\"tabbed-content tab-lv\">\n\t\t\t\n\t\t\t<ul class=\"nav nav-simple nav-uppercase nav-size-normal nav-center\" role=\"tablist\"><li id=\"tab-s\u1ea3n-xu\u1ea5t-xi-m\u0103ng\" class=\"tab active has-icon\" role=\"presentation\"><a href=\"#tab_s\u1ea3n-xu\u1ea5t-xi-m\u0103ng\" role=\"tab\" aria-selected=\"true\" aria-controls=\"tab_s\u1ea3n-xu\u1ea5t-xi-m\u0103ng\"><span>S\u1ea3n xu\u1ea5t xi m\u0103ng<\/span><\/a><\/li>\n<li id=\"tab-d\u1ecbch-v\u1ee5-c\u1ea3ng\" class=\"tab has-icon\" role=\"presentation\"><a href=\"#tab_d\u1ecbch-v\u1ee5-c\u1ea3ng\" tabindex=\"-1\" role=\"tab\" aria-selected=\"false\" aria-controls=\"tab_d\u1ecbch-v\u1ee5-c\u1ea3ng\"><span>D\u1ecbch v\u1ee5 c\u1ea3ng<\/span><\/a><\/li>\n<li id=\"tab-kinh-doanh-than\" class=\"tab has-icon\" role=\"presentation\"><a href=\"#tab_kinh-doanh-than\" tabindex=\"-1\" role=\"tab\" aria-selected=\"false\" aria-controls=\"tab_kinh-doanh-than\"><span>Kinh doanh than<\/span><\/a><\/li><\/ul><div class=\"tab-panels\"><div id=\"tab_s\u1ea3n-xu\u1ea5t-xi-m\u0103ng\" class=\"panel active entry-content\" role=\"tabpanel\" aria-labelledby=\"tab-s\u1ea3n-xu\u1ea5t-xi-m\u0103ng\">\n\n<div class=\"row row-collapse row-full-width align-middle align-right\"  id=\"row-1239204258\">\n\n\n\t<div id=\"col-681734535\" class=\"col medium-6 small-12 large-6\"  >\n\t\t\t\t<div class=\"col-inner\"  >\n\t\t\t\n\t\t\t\n\n<h2>S\u1ea3n xu\u1ea5t xi m\u0103ng<\/h2>\n<p style=\"text-align: justify;\">Xi m\u0103ng B\u1ea1ch \u0110\u1eb1ng l\u00e0 th\u01b0\u01a1ng hi\u1ec7u g\u1eafn li\u1ec1n v\u1edbi ch\u1ea5t l\u01b0\u1ee3ng \u1ed5n \u0111\u1ecbnh, c\u00f4ng ngh\u1ec7 hi\u1ec7n \u0111\u1ea1i v\u00e0 \u0111\u1ecbnh h\u01b0\u1edbng ph\u00e1t tri\u1ec3n xanh cho ng\u00e0nh x\u00e2y d\u1ef1ng. Ch\u00fang t\u00f4i v\u1eadn h\u00e0nh d\u00e2y chuy\u1ec1n s\u1ea3n xu\u1ea5t ti\u00ean ti\u1ebfn nh\u1eadp kh\u1ea9u t\u1eeb ch\u00e2u \u00c2u, ki\u1ec3m so\u00e1t ch\u1eb7t ch\u1ebd t\u1eebng kh\u00e2u &#8211; t\u1eeb nguy\u00ean li\u1ec7u \u0111\u1ebfn quy tr\u00ecnh nung, nghi\u1ec1n v\u00e0 \u0111\u00f3ng bao, nh\u1eb1m b\u1ea3o \u0111\u1ea3m \u0111\u1ed9 b\u1ec1n, hi\u1ec7u su\u1ea5t v\u00e0 t\u00ednh an to\u00e0n cao.<\/p>\n<p style=\"text-align: justify;\">S\u1ea3n ph\u1ea9m c\u1ee7a Xi M\u0103ng B\u1ea1ch \u0110\u1eb1ng \u0111\u00e1p \u1ee9ng ti\u00eau chu\u1ea9n k\u1ef9 thu\u1eadt nghi\u00eam ng\u1eb7t, ph\u1ee5c v\u1ee5 \u0111a d\u1ea1ng nhu c\u1ea7u t\u1eeb c\u00f4ng tr\u00ecnh d\u00e2n d\u1ee5ng, h\u1ea1 t\u1ea7ng giao th\u00f4ng \u0111\u1ebfn c\u00f4ng nghi\u1ec7p n\u1eb7ng. B\u00ean c\u1ea1nh \u0111\u00f3, ch\u00fang t\u00f4i ti\u00ean phong \u1ee9ng d\u1ee5ng c\u00f4ng ngh\u1ec7 gi\u1ea3m ph\u00e1t th\u1ea3i, ti\u1ebft ki\u1ec7m n\u0103ng l\u01b0\u1ee3ng v\u00e0 b\u1ea3o v\u1ec7 m\u00f4i tr\u01b0\u1eddng, l\u00e0m ti\u1ec1n \u0111\u1ec1 \u0111\u1ec3 hi\u1ec7n th\u1ef1c \u201ct\u01b0\u01a1ng lai xanh\u201d cho to\u00e0n d\u00e2n t\u1ed9c.<\/p>\n\n\t\t<\/div>\n\t\t\t\t\n<style>\n#col-681734535 > .col-inner {\n  padding: 0px 20% 0px 0px;\n}\n<\/style>\n\t<\/div>\n\n\t\n\n\t<div id=\"col-63733176\" class=\"col medium-5 small-12 large-5\"  >\n\t\t\t\t<div class=\"col-inner\"  >\n\t\t\t\n\t\t\t\n\n\t<div class=\"img has-hover x md-x lg-x y md-y lg-y\" id=\"image_1647920791\">\n\t\t\t\t\t\t\t\t<div class=\"img-inner dark\" >\n\t\t\t<img loading=\"lazy\" decoding=\"async\" width=\"675\" height=\"667\" src=\"https:\/\/demoweb.company\/bachdang\/wp-content\/uploads\/2025\/07\/sx-xm-2.png\" class=\"attachment-original size-original\" alt=\"\" srcset=\"https:\/\/demoweb.company\/bachdang\/wp-content\/uploads\/2025\/07\/sx-xm-2.png 675w, https:\/\/demoweb.company\/bachdang\/wp-content\/uploads\/2025\/07\/sx-xm-2-600x593.png 600w, https:\/\/demoweb.company\/bachdang\/wp-content\/uploads\/2025\/07\/sx-xm-2-100x100.png 100w, https:\/\/demoweb.company\/bachdang\/wp-content\/uploads\/2025\/07\/sx-xm-2-300x296.png 300w\" sizes=\"auto, (max-width: 675px) 100vw, 675px\" \/>\t\t\t\t\t\t\n\t\t\t\t\t<\/div>\n\t\t\t\t\t\t\t\t\n<style>\n#image_1647920791 {\n  width: 100%;\n}\n<\/style>\n\t<\/div>\n\t\n\n\n\t\t<\/div>\n\t\t\t\t\t<\/div>\n\n\t\n\n<\/div>\n\n<\/div>\n<div id=\"tab_d\u1ecbch-v\u1ee5-c\u1ea3ng\" class=\"panel entry-content\" role=\"tabpanel\" aria-labelledby=\"tab-d\u1ecbch-v\u1ee5-c\u1ea3ng\">\n\n<div class=\"row row-collapse row-full-width align-middle\"  id=\"row-1098967648\">\n\n\n\t<div id=\"col-48758053\" class=\"col medium-5 small-12 large-5\"  >\n\t\t\t\t<div class=\"col-inner\"  >\n\t\t\t\n\t\t\t\n\n\t<div class=\"img has-hover x md-x lg-x y md-y lg-y\" id=\"image_569358078\">\n\t\t\t\t\t\t\t\t<div class=\"img-inner dark\" >\n\t\t\t<img loading=\"lazy\" decoding=\"async\" width=\"675\" height=\"667\" src=\"https:\/\/demoweb.company\/bachdang\/wp-content\/uploads\/2025\/07\/khai-thac-than.png\" class=\"attachment-original size-original\" alt=\"\" srcset=\"https:\/\/demoweb.company\/bachdang\/wp-content\/uploads\/2025\/07\/khai-thac-than.png 675w, https:\/\/demoweb.company\/bachdang\/wp-content\/uploads\/2025\/07\/khai-thac-than-600x593.png 600w, https:\/\/demoweb.company\/bachdang\/wp-content\/uploads\/2025\/07\/khai-thac-than-100x100.png 100w, https:\/\/demoweb.company\/bachdang\/wp-content\/uploads\/2025\/07\/khai-thac-than-300x296.png 300w\" sizes=\"auto, (max-width: 675px) 100vw, 675px\" \/>\t\t\t\t\t\t\n\t\t\t\t\t<\/div>\n\t\t\t\t\t\t\t\t\n<style>\n#image_569358078 {\n  width: 100%;\n}\n<\/style>\n\t<\/div>\n\t\n\n\n\t\t<\/div>\n\t\t\t\t\t<\/div>\n\n\t\n\n\t<div id=\"col-29183202\" class=\"col medium-6 small-12 large-6\"  >\n\t\t\t\t<div class=\"col-inner\"  >\n\t\t\t\n\t\t\t\n\n<h2>D\u1ecbch v\u1ee5 c\u1ea3ng<\/h2>\n<p style=\"text-align: justify;\">C\u1ea3ng th\u1ee7y n\u1ed9i \u0111\u1ecba xu\u1ea5t \u2013 nh\u1eadp kh\u1ea9u Li\u00ean Kh\u00ea l\u00e0 m\u1eaft x\u00edch logistics tr\u1ecdng y\u1ebfu c\u1ee7a Xi m\u0103ng B\u1ea1ch \u0110\u1eb1ng, k\u1ebft n\u1ed1i tr\u1ef1c ti\u1ebfp s\u1ea3n xu\u1ea5t v\u1edbi chu\u1ed7i cung \u1ee9ng v\u00e0 m\u1edf r\u1ed9ng giao th\u01b0\u01a1ng trong n\u01b0\u1edbc l\u1eabn qu\u1ed1c t\u1ebf. S\u1edf h\u1eefu v\u1ecb tr\u00ed chi\u1ebfn l\u01b0\u1ee3c t\u1ea1i H\u1ea3i Ph\u00f2ng, h\u1ea1 t\u1ea7ng \u0111\u1ed3ng b\u1ed9 v\u00e0 n\u0103ng l\u1ef1c ti\u1ebfp nh\u1eadn t\u00e0u t\u1edbi 5.000 t\u1ea5n, c\u1ea3ng \u0111\u00e1p \u1ee9ng hi\u1ec7u qu\u1ea3 nhu c\u1ea7u trung chuy\u1ec3n, l\u01b0u tr\u1eef v\u00e0 ph\u00e2n ph\u1ed1i h\u00e0ng h\u00f3a. \u0110\u00e2y l\u00e0 gi\u1ea3i ph\u00e1p t\u1ed1i \u01b0u gi\u00fap gi\u1ea3m chi ph\u00ed v\u1eadn t\u1ea3i, t\u0103ng t\u1ed1c \u0111\u1ed9 giao nh\u1eadn v\u00e0 n\u00e2ng cao s\u1ee9c c\u1ea1nh tranh cho doanh nghi\u1ec7p, \u0111\u1ed1i t\u00e1c.<\/p>\n\n\t\t<\/div>\n\t\t\t\t\n<style>\n#col-29183202 > .col-inner {\n  padding: 0px 0px 0px 20%;\n}\n<\/style>\n\t<\/div>\n\n\t\n\n<\/div>\n\n<\/div>\n<div id=\"tab_kinh-doanh-than\" class=\"panel entry-content\" role=\"tabpanel\" aria-labelledby=\"tab-kinh-doanh-than\">\n\n<div class=\"row row-collapse row-full-width align-middle align-right\"  id=\"row-1384615976\">\n\n\n\t<div id=\"col-1662178575\" class=\"col medium-6 small-12 large-6\"  >\n\t\t\t\t<div class=\"col-inner\"  >\n\t\t\t\n\t\t\t\n\n<h2>Kinh doanh than<\/h2>\n<p>Xi M\u0103ng B\u1ea1ch \u0110\u1eb1ng l\u00e0 \u0111\u01a1n v\u1ecb uy t\u00edn trong l\u0129nh v\u1ef1c kinh doanh than t\u1ea1i Vi\u1ec7t Nam. Ch\u00fang t\u00f4i cung c\u1ea5p ngu\u1ed3n than ch\u1ea5t l\u01b0\u1ee3ng cao \u0111\u01b0\u1ee3c l\u1ef1a ch\u1ecdn k\u1ef9 l\u01b0\u1ee1ng t\u1eeb c\u00e1c m\u1ecf than trong n\u01b0\u1edbc v\u00e0 nh\u1eadp kh\u1ea9u t\u1eeb nh\u1eefng th\u1ecb tr\u01b0\u1eddng uy t\u00edn, ph\u1ee5c v\u1ee5 s\u1ea3n xu\u1ea5t xi m\u0103ng, c\u00f4ng nghi\u1ec7p v\u00e0 c\u00e1c nhu c\u1ea7u n\u0103ng l\u01b0\u1ee3ng kh\u00e1c.<\/p>\n<p>V\u1edbi l\u1ee3i th\u1ebf h\u1ec7 th\u1ed1ng logistics c\u1ea3ng th\u1ee7y n\u1ed9i \u0111\u1ecba hi\u1ec7n \u0111\u1ea1i v\u00e0 m\u1ea1ng l\u01b0\u1edbi ph\u00e2n ph\u1ed1i r\u1ed9ng kh\u1eafp, Xi M\u0103ng B\u1ea1ch \u0110\u1eb1ng \u0111\u1ea3m b\u1ea3o ngu\u1ed3n cung \u1ed5n \u0111\u1ecbnh, \u0111\u00e1p \u1ee9ng nhanh ch\u00f3ng nhu c\u1ea7u c\u1ee7a \u0111\u1ed1i t\u00e1c v\u00e0 kh\u00e1ch h\u00e0ng. M\u1ed7i t\u1ea5n than \u0111\u01b0\u1ee3c cung c\u1ea5p \u0111\u1ec1u tu\u00e2n th\u1ee7 quy tr\u00ecnh ki\u1ec3m so\u00e1t nghi\u00eam ng\u1eb7t, v\u1eeba \u0111\u1ea3m b\u1ea3o hi\u1ec7u su\u1ea5t s\u1eed d\u1ee5ng, v\u1eeba gi\u1ea3m thi\u1ec3u t\u00e1c \u0111\u1ed9ng m\u00f4i tr\u01b0\u1eddng.<\/p>\n\n\t\t<\/div>\n\t\t\t\t\n<style>\n#col-1662178575 > .col-inner {\n  padding: 0px 20% 0px 0px;\n}\n<\/style>\n\t<\/div>\n\n\t\n\n\t<div id=\"col-481869633\" class=\"col medium-5 small-12 large-5\"  >\n\t\t\t\t<div class=\"col-inner\"  >\n\t\t\t\n\t\t\t\n\n\t<div class=\"img has-hover x md-x lg-x y md-y lg-y\" id=\"image_783022493\">\n\t\t\t\t\t\t\t\t<div class=\"img-inner dark\" >\n\t\t\t<img loading=\"lazy\" decoding=\"async\" width=\"675\" height=\"667\" src=\"https:\/\/demoweb.company\/bachdang\/wp-content\/uploads\/2025\/08\/kd-than.png\" class=\"attachment-original size-original\" alt=\"\" srcset=\"https:\/\/demoweb.company\/bachdang\/wp-content\/uploads\/2025\/08\/kd-than.png 675w, https:\/\/demoweb.company\/bachdang\/wp-content\/uploads\/2025\/08\/kd-than-300x296.png 300w, https:\/\/demoweb.company\/bachdang\/wp-content\/uploads\/2025\/08\/kd-than-600x593.png 600w, https:\/\/demoweb.company\/bachdang\/wp-content\/uploads\/2025\/08\/kd-than-100x100.png 100w\" sizes=\"auto, (max-width: 675px) 100vw, 675px\" \/>\t\t\t\t\t\t\n\t\t\t\t\t<\/div>\n\t\t\t\t\t\t\t\t\n<style>\n#image_783022493 {\n  width: 100%;\n}\n<\/style>\n\t<\/div>\n\t\n\n\n\t\t<\/div>\n\t\t\t\t\t<\/div>\n\n\t\n\n<\/div>\n\n<\/div><\/div><\/div>\n\n\t\t<\/div>\n\n\t\t\n<style>\n#section_811495614 {\n  padding-top: 0px;\n  padding-bottom: 0px;\n}\n<\/style>\n\t<\/section>\n\t\n\n","protected":false},"excerpt":{"rendered":"","protected":false},"author":1,"featured_media":0,"parent":0,"menu_order":0,"comment_status":"closed","ping_status":"closed","template":"page-transparent-header.php","meta":{"footnotes":""},"class_list":["post-500","page","type-page","status-publish","hentry"],"yoast_head":"<!-- This site is optimized with the Yoast SEO Premium plugin v22.9 (Yoast SEO v22.9) - https:\/\/yoast.com\/wordpress\/plugins\/seo\/ -->\n<title>L\u0129nh v\u1ef1c ho\u1ea1t \u0111\u1ed9ng - XI M\u0102NG B\u1ea0CH \u0110\u1eb0NG<\/title>\n<meta name=\"robots\" content=\"noindex, follow, max-snippet:-1, max-image-preview:large, max-video-preview:-1\" \/>\n<meta property=\"og:locale\" content=\"vi_VN\" \/>\n<meta property=\"og:type\" content=\"article\" \/>\n<meta property=\"og:title\" content=\"L\u0129nh v\u1ef1c ho\u1ea1t \u0111\u1ed9ng\" \/>\n<meta property=\"og:url\" content=\"https:\/\/demoweb.company\/bachdang\/linh-vuc-hoat-dong\/\" \/>\n<meta property=\"og:site_name\" content=\"XI M\u0102NG B\u1ea0CH \u0110\u1eb0NG\" \/>\n<meta property=\"article:modified_time\" content=\"2025-08-09T06:22:42+00:00\" \/>\n<meta name=\"twitter:card\" content=\"summary_large_image\" \/>\n<script type=\"application\/ld+json\" class=\"yoast-schema-graph\">{\"@context\":\"https:\/\/schema.org\",\"@graph\":[{\"@type\":\"WebPage\",\"@id\":\"https:\/\/demoweb.company\/bachdang\/linh-vuc-hoat-dong\/\",\"url\":\"https:\/\/demoweb.company\/bachdang\/linh-vuc-hoat-dong\/\",\"name\":\"L\u0129nh v\u1ef1c ho\u1ea1t \u0111\u1ed9ng - XI M\u0102NG B\u1ea0CH \u0110\u1eb0NG\",\"isPartOf\":{\"@id\":\"https:\/\/demoweb.company\/bachdang\/#website\"},\"datePublished\":\"2025-07-15T13:58:07+00:00\",\"dateModified\":\"2025-08-09T06:22:42+00:00\",\"breadcrumb\":{\"@id\":\"https:\/\/demoweb.company\/bachdang\/linh-vuc-hoat-dong\/#breadcrumb\"},\"inLanguage\":\"vi\",\"potentialAction\":[{\"@type\":\"ReadAction\",\"target\":[\"https:\/\/demoweb.company\/bachdang\/linh-vuc-hoat-dong\/\"]}]},{\"@type\":\"BreadcrumbList\",\"@id\":\"https:\/\/demoweb.company\/bachdang\/linh-vuc-hoat-dong\/#breadcrumb\",\"itemListElement\":[{\"@type\":\"ListItem\",\"position\":1,\"name\":\"Trang ch\u1ee7\",\"item\":\"https:\/\/demoweb.company\/bachdang\/\"},{\"@type\":\"ListItem\",\"position\":2,\"name\":\"L\u0129nh v\u1ef1c ho\u1ea1t \u0111\u1ed9ng\"}]},{\"@type\":\"WebSite\",\"@id\":\"https:\/\/demoweb.company\/bachdang\/#website\",\"url\":\"https:\/\/demoweb.company\/bachdang\/\",\"name\":\"XI M\u0102NG B\u1ea0CH \u0110\u1eb0NG\",\"description\":\"\",\"potentialAction\":[{\"@type\":\"SearchAction\",\"target\":{\"@type\":\"EntryPoint\",\"urlTemplate\":\"https:\/\/demoweb.company\/bachdang\/?s={search_term_string}\"},\"query-input\":\"required name=search_term_string\"}],\"inLanguage\":\"vi\"}]}<\/script>\n<!-- \/ Yoast SEO Premium plugin. -->","yoast_head_json":{"title":"L\u0129nh v\u1ef1c ho\u1ea1t \u0111\u1ed9ng - XI M\u0102NG B\u1ea0CH \u0110\u1eb0NG","robots":{"index":"noindex","follow":"follow","max-snippet":"max-snippet:-1","max-image-preview":"max-image-preview:large","max-video-preview":"max-video-preview:-1"},"og_locale":"vi_VN","og_type":"article","og_title":"L\u0129nh v\u1ef1c ho\u1ea1t \u0111\u1ed9ng","og_url":"https:\/\/demoweb.company\/bachdang\/linh-vuc-hoat-dong\/","og_site_name":"XI M\u0102NG B\u1ea0CH \u0110\u1eb0NG","article_modified_time":"2025-08-09T06:22:42+00:00","twitter_card":"summary_large_image","schema":{"@context":"https:\/\/schema.org","@graph":[{"@type":"WebPage","@id":"https:\/\/demoweb.company\/bachdang\/linh-vuc-hoat-dong\/","url":"https:\/\/demoweb.company\/bachdang\/linh-vuc-hoat-dong\/","name":"L\u0129nh v\u1ef1c ho\u1ea1t \u0111\u1ed9ng - XI M\u0102NG B\u1ea0CH \u0110\u1eb0NG","isPartOf":{"@id":"https:\/\/demoweb.company\/bachdang\/#website"},"datePublished":"2025-07-15T13:58:07+00:00","dateModified":"2025-08-09T06:22:42+00:00","breadcrumb":{"@id":"https:\/\/demoweb.company\/bachdang\/linh-vuc-hoat-dong\/#breadcrumb"},"inLanguage":"vi","potentialAction":[{"@type":"ReadAction","target":["https:\/\/demoweb.company\/bachdang\/linh-vuc-hoat-dong\/"]}]},{"@type":"BreadcrumbList","@id":"https:\/\/demoweb.company\/bachdang\/linh-vuc-hoat-dong\/#breadcrumb","itemListElement":[{"@type":"ListItem","position":1,"name":"Trang ch\u1ee7","item":"https:\/\/demoweb.company\/bachdang\/"},{"@type":"ListItem","position":2,"name":"L\u0129nh v\u1ef1c ho\u1ea1t \u0111\u1ed9ng"}]},{"@type":"WebSite","@id":"https:\/\/demoweb.company\/bachdang\/#website","url":"https:\/\/demoweb.company\/bachdang\/","name":"XI M\u0102NG B\u1ea0CH \u0110\u1eb0NG","description":"","potentialAction":[{"@type":"SearchAction","target":{"@type":"EntryPoint","urlTemplate":"https:\/\/demoweb.company\/bachdang\/?s={search_term_string}"},"query-input":"required name=search_term_string"}],"inLanguage":"vi"}]}},"_links":{"self":[{"href":"https:\/\/demoweb.company\/bachdang\/wp-json\/wp\/v2\/pages\/500","targetHints":{"allow":["GET"]}}],"collection":[{"href":"https:\/\/demoweb.company\/bachdang\/wp-json\/wp\/v2\/pages"}],"about":[{"href":"https:\/\/demoweb.company\/bachdang\/wp-json\/wp\/v2\/types\/page"}],"author":[{"embeddable":true,"href":"https:\/\/demoweb.company\/bachdang\/wp-json\/wp\/v2\/users\/1"}],"replies":[{"embeddable":true,"href":"https:\/\/demoweb.company\/bachdang\/wp-json\/wp\/v2\/comments?post=500"}],"version-history":[{"count":48,"href":"https:\/\/demoweb.company\/bachdang\/wp-json\/wp\/v2\/pages\/500\/revisions"}],"predecessor-version":[{"id":998,"href":"https:\/\/demoweb.company\/bachdang\/wp-json\/wp\/v2\/pages\/500\/revisions\/998"}],"wp:attachment":[{"href":"https:\/\/demoweb.company\/bachdang\/wp-json\/wp\/v2\/media?parent=500"}],"curies":[{"name":"wp","href":"https:\/\/api.w.org\/{rel}","templated":true}]}}