{"id":103,"date":"2025-07-11T22:13:18","date_gmt":"2025-07-11T15:13:18","guid":{"rendered":"https:\/\/demoweb.company\/bachdang\/?post_type=product&#038;p=103"},"modified":"2025-08-12T14:57:52","modified_gmt":"2025-08-12T07:57:52","slug":"xi-mang-pcb30","status":"publish","type":"product","link":"https:\/\/demoweb.company\/bachdang\/san-pham\/xi-mang-pcb30\/","title":{"rendered":"Xi m\u0103ng PCB30"},"content":{"rendered":"<p><b>\u0110\u1eb7c \u0111i\u1ec3m n\u1ed5i b\u1eadt: <\/b><span style=\"font-weight: 400;\">C\u01b0\u1eddng \u0111\u1ed9 n\u00e9n cao, \u1ed5n \u0111\u1ecbnh, R28&gt;35MPa ph\u00f9 h\u1ee3p TCVN 6260:2020; m\u00e0u s\u1eafc ghi x\u00e1m. \u1ee8ng d\u1ee5ng: Nh\u00e0 v\u00e0 C\u00f4ng tr\u00ecnh d\u00e2n d\u1ee5ng;<\/span><\/p>\n<p><img loading=\"lazy\" decoding=\"async\" class=\"aligncenter wp-image-974\" src=\"https:\/\/demoweb.company\/bachdang\/wp-content\/uploads\/2025\/07\/xm-bach-dang-PC30.jpg\" alt=\"\" width=\"463\" height=\"612\" srcset=\"https:\/\/demoweb.company\/bachdang\/wp-content\/uploads\/2025\/07\/xm-bach-dang-PC30.jpg 668w, https:\/\/demoweb.company\/bachdang\/wp-content\/uploads\/2025\/07\/xm-bach-dang-PC30-227x300.jpg 227w, https:\/\/demoweb.company\/bachdang\/wp-content\/uploads\/2025\/07\/xm-bach-dang-PC30-600x793.jpg 600w\" sizes=\"auto, (max-width: 463px) 100vw, 463px\" \/><\/p>\n<h2>K\u1ebft qu\u1ea3 th\u1eed nghi\u1ec7m:<\/h2>\n<table style=\"width: 100%;\" border=\"1\">\n<tbody>\n<tr>\n<td style=\"text-align: center;\"><span style=\"font-weight: 400; color: #000000;\">TT<\/span><\/td>\n<td style=\"text-align: center;\"><span style=\"color: #000000;\"><span style=\"font-weight: 400;\">H\u1ea0NG M\u1ee4C TH\u00cd NGHI\u1ec6M<\/span><i><span style=\"font-weight: 400;\"> (Items)<\/span><\/i><\/span><\/td>\n<td style=\"text-align: center;\"><span style=\"font-weight: 400; color: #000000;\">\u0110\u01a0N V\u1eca\u00a0<\/span><\/p>\n<p><span style=\"color: #000000;\"><i><span style=\"font-weight: 400;\">(Units)<\/span><\/i><\/span><\/td>\n<td style=\"text-align: center;\"><span style=\"font-weight: 400; color: #000000;\">PH\u01af\u01a0NG PH\u00c1P TH\u1eec\u00a0<\/span><\/p>\n<p><span style=\"color: #000000;\"><span style=\"font-weight: 400;\">(<\/span><i><span style=\"font-weight: 400;\">Test Method<\/span><\/i><span style=\"font-weight: 400;\">)<\/span><\/span><\/td>\n<td style=\"text-align: center;\"><span style=\"font-weight: 400; color: #000000;\">TI\u00caU CHU\u1ea8N<\/span><\/p>\n<p><span style=\"color: #000000;\"><i><span style=\"font-weight: 400;\">(Spec.limit)<\/span><\/i><\/span><\/td>\n<td style=\"text-align: center;\"><span style=\"font-weight: 400; color: #000000;\">K\u1ebeT QU\u1ea2\u00a0<\/span><\/p>\n<p><span style=\"color: #000000;\"><i><span style=\"font-weight: 400;\">(Test Resuls)<\/span><\/i><\/span><\/td>\n<\/tr>\n<tr>\n<td style=\"text-align: center;\"><span style=\"font-weight: 400; color: #000000;\">1<\/span><\/td>\n<td><span style=\"color: #000000;\"><span style=\"font-weight: 400;\">GI\u1edaI H\u1ea0N B\u1ec0N N\u00c9N <\/span><i><span style=\"font-weight: 400;\">(Compressive strength)<\/span><\/i><\/span><\/p>\n<ul>\n<li><span style=\"color: #000000;\"><span style=\"font-weight: 400;\">3 ng\u00e0y <\/span><span style=\"font-weight: 400;\">\u00b1<\/span><span style=\"font-weight: 400;\"> 45 ph\u00fat<\/span><i><span style=\"font-weight: 400;\"> (After 3 days)<\/span><\/i><\/span><\/li>\n<li><span style=\"color: #000000;\"><span style=\"font-weight: 400;\">28 ng\u00e0y <\/span><span style=\"font-weight: 400;\">\u00b1<\/span><span style=\"font-weight: 400;\"> 8 gi\u1edd <\/span><i><span style=\"font-weight: 400;\">(After 28 days)<\/span><\/i><\/span><\/li>\n<\/ul>\n<\/td>\n<td><span style=\"color: #000000;\"><span style=\"font-weight: 400;\">N\/mm<\/span><span style=\"font-weight: 400;\">2<\/span><\/span><span style=\"color: #000000;\"><span style=\"font-weight: 400;\">N\/mm<\/span><span style=\"font-weight: 400;\">2<\/span><\/span><\/td>\n<td><span style=\"font-weight: 400; color: #000000;\">TCVN 6016:2011<\/span><\/td>\n<td><span style=\"font-weight: 400; color: #000000;\">\u226514<\/span><span style=\"font-weight: 400; color: #000000;\">\u226530<\/span><\/td>\n<td><span style=\"font-weight: 400; color: #000000;\">24.5<\/span><span style=\"font-weight: 400; color: #000000;\">34.5<\/span><\/td>\n<\/tr>\n<tr>\n<td style=\"text-align: center;\"><span style=\"font-weight: 400; color: #000000;\">2<\/span><\/td>\n<td><span style=\"color: #000000;\"><span style=\"font-weight: 400;\">TH\u1edcI GIAN \u0110\u00d4NG K\u1ebeT <\/span><i><span style=\"font-weight: 400;\">(Time of setting)<\/span><\/i><span style=\"font-weight: 400;\">:<\/span><\/span><\/p>\n<ul>\n<li><span style=\"color: #000000;\"><span style=\"font-weight: 400;\">B\u1eaft \u0111\u1ea7u <\/span><i><span style=\"font-weight: 400;\">(Initial set)<\/span><\/i><\/span><\/li>\n<li><span style=\"color: #000000;\"><span style=\"font-weight: 400;\">K\u1ebft th\u00fac <\/span><i><span style=\"font-weight: 400;\">(Final set)<\/span><\/i><\/span><\/li>\n<\/ul>\n<\/td>\n<td><span style=\"font-weight: 400; color: #000000;\">Ph\u00fat Ph\u00fat<\/span><\/td>\n<td><span style=\"font-weight: 400; color: #000000;\">TCVN 6017:2015<\/span><\/td>\n<td><span style=\"font-weight: 400; color: #000000;\">\u226545<\/span><span style=\"font-weight: 400; color: #000000;\">\u2264420<\/span><\/td>\n<td><span style=\"font-weight: 400; color: #000000;\">175<\/span><span style=\"font-weight: 400; color: #000000;\">260<\/span><\/td>\n<\/tr>\n<tr>\n<td style=\"text-align: center;\"><span style=\"font-weight: 400; color: #000000;\">3<\/span><\/td>\n<td><span style=\"font-weight: 400; color: #000000;\">\u0110\u1ed8 NGHI\u1ec0N M\u1ecaN (Fineness test)<\/span><\/p>\n<ul>\n<li><span style=\"color: #000000;\"><span style=\"font-weight: 400;\">Ph\u1ea7n c\u00f2n l\u1ea1i tr\u00ean s\u00e0ng 0,09 mm\/<\/span><i><span style=\"font-weight: 400;\">Residue on sieve<\/span><\/i><\/span><\/li>\n<li><span style=\"color: #000000;\"><span style=\"font-weight: 400;\">Ph\u1ea7n c\u00f2n l\u1ea1i tr\u00ean s\u00e0ng 0,045 mm\/<\/span><i><span style=\"font-weight: 400;\">Residue on sieve<\/span><\/i><\/span><\/li>\n<li><span style=\"color: #000000;\"><span style=\"font-weight: 400;\">B\u1ec1 m\u1eb7t ri\u00eang, ph\u01b0\u01a1ng ph\u00e1p Blaine\/<\/span><i><span style=\"font-weight: 400;\">(Blaine menthod)<\/span><\/i><span style=\"font-weight: 400;\">\u00a0<\/span><\/span><\/li>\n<\/ul>\n<\/td>\n<td><span style=\"font-weight: 400; color: #000000;\">%<\/span><span style=\"font-weight: 400; color: #000000;\">%<\/span><\/p>\n<p><span style=\"color: #000000;\"><span style=\"font-weight: 400;\">cm<\/span><span style=\"font-weight: 400;\">2<\/span><span style=\"font-weight: 400;\">\/g<\/span><\/span><\/td>\n<td><span style=\"font-weight: 400; color: #000000;\">TCVN 13605:2003<\/span><\/td>\n<td><span style=\"font-weight: 400; color: #000000;\">&#8211;<\/span><span style=\"font-weight: 400; color: #000000;\">&#8211;<\/span><\/p>\n<p><span style=\"font-weight: 400; color: #000000;\">\u2265 2.800<\/span><\/td>\n<td><span style=\"font-weight: 400; color: #000000;\">1.25<\/span><span style=\"font-weight: 400; color: #000000;\">10.5<\/span><\/p>\n<p><span style=\"font-weight: 400; color: #000000;\">4.150<\/span><\/td>\n<\/tr>\n<tr>\n<td style=\"text-align: center;\"><span style=\"font-weight: 400; color: #000000;\">4<\/span><\/td>\n<td><span style=\"color: #000000;\"><span style=\"font-weight: 400;\">\u0110\u1ed8 \u1ed4N \u0110\u1ecaNH TH\u1ec2 T\u00cdCH, ph\u01b0\u01a1ng ph\u00e1p Le Chatelier <\/span><i><span style=\"font-weight: 400;\">(Soundness)<\/span><\/i><\/span><\/td>\n<td><span style=\"font-weight: 400; color: #000000;\">mm<\/span><\/td>\n<td><span style=\"font-weight: 400; color: #000000;\">TCVN 6017:2015<\/span><\/td>\n<td><span style=\"font-weight: 400; color: #000000;\">\u226410<\/span><\/td>\n<td><span style=\"font-weight: 400; color: #000000;\">0.85<\/span><\/td>\n<\/tr>\n<tr>\n<td style=\"text-align: center;\" rowspan=\"3\"><span style=\"font-weight: 400; color: #000000;\">5<\/span><\/td>\n<td><span style=\"color: #000000;\"><span style=\"font-weight: 400;\">TH\u00c0NH PH\u1ea6N H\u00d3A <\/span><i><span style=\"font-weight: 400;\">(Chemical composition)<\/span><\/i><\/span><\/td>\n<td><\/td>\n<td><\/td>\n<td><\/td>\n<td><\/td>\n<\/tr>\n<tr>\n<td><span style=\"color: #000000;\"><span style=\"font-weight: 400;\">\u00a0H\u00e0m l\u01b0\u1ee3ng SO<\/span><span style=\"font-weight: 400;\">3<\/span><i><span style=\"font-weight: 400;\"> (Sulfur trioxide content), max<\/span><\/i><\/span><\/td>\n<td><span style=\"font-weight: 400; color: #000000;\">%<\/span><\/td>\n<td><span style=\"font-weight: 400; color: #000000;\">TCVN 141:2023<\/span><\/td>\n<td><span style=\"font-weight: 400; color: #000000;\">\u22643,5<\/span><\/td>\n<td><span style=\"font-weight: 400; color: #000000;\">1.70<\/span><\/td>\n<\/tr>\n<tr>\n<td><span style=\"color: #000000;\"><span style=\"font-weight: 400;\">\u00a0H\u00e0m l\u01b0\u1ee3ng MKN <\/span><i><span style=\"font-weight: 400;\">(<\/span><\/i><i><span style=\"font-weight: 400;\">Loss on ignition), max<\/span><\/i><\/span><\/td>\n<td><span style=\"font-weight: 400; color: #000000;\">%<\/span><\/td>\n<td><span style=\"font-weight: 400; color: #000000;\">TCVN 141:2023<\/span><\/td>\n<td><span style=\"font-weight: 400; color: #000000;\">\u226410<\/span><\/td>\n<td><span style=\"font-weight: 400; color: #000000;\">8.50<\/span><\/td>\n<\/tr>\n<tr>\n<td style=\"text-align: center;\"><span style=\"font-weight: 400; color: #000000;\">6<\/span><\/td>\n<td><span style=\"font-weight: 400; color: #000000;\">\u0110\u1ed8 N\u1ede AUTOCLAVE, %, max<\/span><\/td>\n<td><span style=\"font-weight: 400; color: #000000;\">%<\/span><\/td>\n<td><span style=\"font-weight: 400; color: #000000;\">TCVN 8877:2011<\/span><\/td>\n<td><span style=\"font-weight: 400; color: #000000;\">0.8<\/span><\/td>\n<td><span style=\"font-weight: 400; color: #000000;\">0.03<\/span><\/td>\n<\/tr>\n<\/tbody>\n<\/table>\n<h3><span style=\"font-weight: 400;\">B\u1ea2O QU\u1ea2N<\/span><\/h3>\n<ul>\n<li><span style=\"font-weight: 400;\">N\u1ec1n kho ph\u1ea3i cao, kh\u00f4 tho\u00e1ng<\/span><\/li>\n<li><span style=\"font-weight: 400;\">Kh\u00f4ng x\u1ebfp tr\u1ef1c ti\u1ebfp xu\u1ed1ng n\u1ec1n, kh\u00f4ng x\u1ebfp ch\u1ed3ng qu\u00e1 10 bao l\u00ean nhau v\u00e0 x\u1ebfp c\u00e1ch t\u01b0\u1eddng t\u1ed1i thi\u1ec3u 20cm<\/span><\/li>\n<\/ul>\n<h3><span style=\"font-weight: 400;\">L\u01afU \u00dd TRONG QU\u00c1 TR\u00ccNH S\u1eec D\u1ee4NG<\/span><\/h3>\n<ul>\n<li><span style=\"font-weight: 400;\">C\u00e1t, \u0111\u00e1, n\u01b0\u1edbc ph\u1ea3i s\u1ea1ch, kh\u00f4ng nhi\u1ec5m m\u1eb7n, tr\u1ed9n kh\u00f4 cho \u0111\u1ec1u tr\u01b0\u1edbc khi tr\u1ed9n n\u01b0\u1edbc<\/span><\/li>\n<li><span style=\"font-weight: 400;\">D\u00f9ng h\u1ebft h\u1ed7n h\u1ee3p \u0111\u00e1 tr\u1ed9n trong v\u00f2ng 2h, khi \u0111\u1ed5 b\u00ea t\u00f4ng ph\u1ea3i \u0111\u1ea7m ch\u1eafc<\/span><\/li>\n<li><span style=\"font-weight: 400;\">Che m\u01b0a trong 10 gi\u1edd \u0111\u1ea7u, d\u01b0\u1ee1ng \u1ea9m trong 20 ng\u00e0y \u0111\u1ea7u<\/span><\/li>\n<li><span style=\"font-weight: 400;\">N\u1ebfu s\u1eed d\u1ee5ng c\u00e1c lo\u1ea1i c\u1ed1t li\u1ec7u c\u00f3 qui c\u00e1ch kh\u00e1c v\u1edbi ph\u1ea7n h\u01b0\u1edbng d\u1eabn tr\u00ean, xin li\u00ean h\u1ec7 v\u1edbi \u0111\u1ea1i l\u00fd \u0111\u1ec3 bi\u1ebft c\u00e1ch s\u1eed d\u1ee5ng ch\u00ednh x\u00e1c<\/span><\/li>\n<\/ul>\n","protected":false},"excerpt":{"rendered":"<h3><b>\u0110\u1eb7c \u0111i\u1ec3m n\u1ed5i b\u1eadt: <\/b><\/h3>\n<ul>\n<li><span style=\"font-weight: 400;\">C\u01b0\u1eddng \u0111\u1ed9 n\u00e9n cao, <\/span><\/li>\n<li><span style=\"font-weight: 400;\">\u1ed4n \u0111\u1ecbnh, R28&gt;35MPa <\/span><\/li>\n<li><span style=\"font-weight: 400;\">Ph\u00f9 h\u1ee3p TCVN 6260:2020; <\/span><\/li>\n<li><span style=\"font-weight: 400;\">M\u00e0u s\u1eafc ghi x\u00e1m. <\/span><\/li>\n<li><span style=\"font-weight: 400;\">\u1ee8ng d\u1ee5ng: Nh\u00e0 v\u00e0 C\u00f4ng tr\u00ecnh d\u00e2n d\u1ee5ng;<\/span><\/li>\n<\/ul>\n","protected":false},"featured_media":974,"template":"","meta":[],"product_brand":[],"product_cat":[17],"product_tag":[],"class_list":{"0":"post-103","1":"product","2":"type-product","3":"status-publish","4":"has-post-thumbnail","6":"product_cat-chua-phan-loai","8":"first","9":"instock","10":"taxable","11":"shipping-taxable","12":"product-type-simple"},"yoast_head":"<!-- This site is optimized with the Yoast SEO Premium plugin v22.9 (Yoast SEO v22.9) - https:\/\/yoast.com\/wordpress\/plugins\/seo\/ -->\n<title>Xi m\u0103ng PCB30 - XI M\u0102NG B\u1ea0CH \u0110\u1eb0NG<\/title>\n<meta name=\"robots\" content=\"noindex, follow, max-snippet:-1, max-image-preview:large, max-video-preview:-1\" \/>\n<meta property=\"og:locale\" content=\"vi_VN\" \/>\n<meta property=\"og:type\" content=\"article\" \/>\n<meta property=\"og:title\" content=\"Xi m\u0103ng PCB30\" \/>\n<meta property=\"og:description\" content=\"\u0110\u1eb7c \u0111i\u1ec3m n\u1ed5i b\u1eadt:    C\u01b0\u1eddng \u0111\u1ed9 n\u00e9n cao,   \u1ed4n \u0111\u1ecbnh, R28&gt;35MPa   Ph\u00f9 h\u1ee3p TCVN 6260:2020;   M\u00e0u s\u1eafc ghi x\u00e1m.   \u1ee8ng d\u1ee5ng: Nh\u00e0 v\u00e0 C\u00f4ng tr\u00ecnh d\u00e2n d\u1ee5ng;\" \/>\n<meta property=\"og:url\" content=\"https:\/\/demoweb.company\/bachdang\/san-pham\/xi-mang-pcb30\/\" \/>\n<meta property=\"og:site_name\" content=\"XI M\u0102NG B\u1ea0CH \u0110\u1eb0NG\" \/>\n<meta property=\"article:modified_time\" content=\"2025-08-12T07:57:52+00:00\" \/>\n<meta property=\"og:image\" content=\"https:\/\/demoweb.company\/bachdang\/wp-content\/uploads\/2025\/07\/xm-bach-dang-PC30.jpg\" \/>\n\t<meta property=\"og:image:width\" content=\"668\" \/>\n\t<meta property=\"og:image:height\" content=\"883\" \/>\n\t<meta property=\"og:image:type\" content=\"image\/jpeg\" \/>\n<meta name=\"twitter:card\" content=\"summary_large_image\" \/>\n<meta name=\"twitter:label1\" content=\"\u01af\u1edbc t\u00ednh th\u1eddi gian \u0111\u1ecdc\" \/>\n\t<meta name=\"twitter:data1\" content=\"3 ph\u00fat\" \/>\n<script type=\"application\/ld+json\" class=\"yoast-schema-graph\">{\"@context\":\"https:\/\/schema.org\",\"@graph\":[{\"@type\":\"WebPage\",\"@id\":\"https:\/\/demoweb.company\/bachdang\/san-pham\/xi-mang-pcb30\/\",\"url\":\"https:\/\/demoweb.company\/bachdang\/san-pham\/xi-mang-pcb30\/\",\"name\":\"Xi m\u0103ng PCB30 - XI M\u0102NG B\u1ea0CH \u0110\u1eb0NG\",\"isPartOf\":{\"@id\":\"https:\/\/demoweb.company\/bachdang\/#website\"},\"primaryImageOfPage\":{\"@id\":\"https:\/\/demoweb.company\/bachdang\/san-pham\/xi-mang-pcb30\/#primaryimage\"},\"image\":{\"@id\":\"https:\/\/demoweb.company\/bachdang\/san-pham\/xi-mang-pcb30\/#primaryimage\"},\"thumbnailUrl\":\"https:\/\/demoweb.company\/bachdang\/wp-content\/uploads\/2025\/07\/xm-bach-dang-PC30.jpg\",\"datePublished\":\"2025-07-11T15:13:18+00:00\",\"dateModified\":\"2025-08-12T07:57:52+00:00\",\"breadcrumb\":{\"@id\":\"https:\/\/demoweb.company\/bachdang\/san-pham\/xi-mang-pcb30\/#breadcrumb\"},\"inLanguage\":\"vi\",\"potentialAction\":[{\"@type\":\"ReadAction\",\"target\":[\"https:\/\/demoweb.company\/bachdang\/san-pham\/xi-mang-pcb30\/\"]}]},{\"@type\":\"ImageObject\",\"inLanguage\":\"vi\",\"@id\":\"https:\/\/demoweb.company\/bachdang\/san-pham\/xi-mang-pcb30\/#primaryimage\",\"url\":\"https:\/\/demoweb.company\/bachdang\/wp-content\/uploads\/2025\/07\/xm-bach-dang-PC30.jpg\",\"contentUrl\":\"https:\/\/demoweb.company\/bachdang\/wp-content\/uploads\/2025\/07\/xm-bach-dang-PC30.jpg\",\"width\":668,\"height\":883},{\"@type\":\"BreadcrumbList\",\"@id\":\"https:\/\/demoweb.company\/bachdang\/san-pham\/xi-mang-pcb30\/#breadcrumb\",\"itemListElement\":[{\"@type\":\"ListItem\",\"position\":1,\"name\":\"Trang ch\u1ee7\",\"item\":\"https:\/\/demoweb.company\/bachdang\/\"},{\"@type\":\"ListItem\",\"position\":2,\"name\":\"C\u1eeda h\u00e0ng\",\"item\":\"https:\/\/demoweb.company\/bachdang\/cua-hang\/\"},{\"@type\":\"ListItem\",\"position\":3,\"name\":\"Xi m\u0103ng PCB30\"}]},{\"@type\":\"WebSite\",\"@id\":\"https:\/\/demoweb.company\/bachdang\/#website\",\"url\":\"https:\/\/demoweb.company\/bachdang\/\",\"name\":\"XI M\u0102NG B\u1ea0CH \u0110\u1eb0NG\",\"description\":\"\",\"potentialAction\":[{\"@type\":\"SearchAction\",\"target\":{\"@type\":\"EntryPoint\",\"urlTemplate\":\"https:\/\/demoweb.company\/bachdang\/?s={search_term_string}\"},\"query-input\":\"required name=search_term_string\"}],\"inLanguage\":\"vi\"}]}<\/script>\n<!-- \/ Yoast SEO Premium plugin. -->","yoast_head_json":{"title":"Xi m\u0103ng PCB30 - XI M\u0102NG B\u1ea0CH \u0110\u1eb0NG","robots":{"index":"noindex","follow":"follow","max-snippet":"max-snippet:-1","max-image-preview":"max-image-preview:large","max-video-preview":"max-video-preview:-1"},"og_locale":"vi_VN","og_type":"article","og_title":"Xi m\u0103ng PCB30","og_description":"\u0110\u1eb7c \u0111i\u1ec3m n\u1ed5i b\u1eadt:    C\u01b0\u1eddng \u0111\u1ed9 n\u00e9n cao,   \u1ed4n \u0111\u1ecbnh, R28&gt;35MPa   Ph\u00f9 h\u1ee3p TCVN 6260:2020;   M\u00e0u s\u1eafc ghi x\u00e1m.   \u1ee8ng d\u1ee5ng: Nh\u00e0 v\u00e0 C\u00f4ng tr\u00ecnh d\u00e2n d\u1ee5ng;","og_url":"https:\/\/demoweb.company\/bachdang\/san-pham\/xi-mang-pcb30\/","og_site_name":"XI M\u0102NG B\u1ea0CH \u0110\u1eb0NG","article_modified_time":"2025-08-12T07:57:52+00:00","og_image":[{"width":668,"height":883,"url":"https:\/\/demoweb.company\/bachdang\/wp-content\/uploads\/2025\/07\/xm-bach-dang-PC30.jpg","type":"image\/jpeg"}],"twitter_card":"summary_large_image","twitter_misc":{"\u01af\u1edbc t\u00ednh th\u1eddi gian \u0111\u1ecdc":"3 ph\u00fat"},"schema":{"@context":"https:\/\/schema.org","@graph":[{"@type":"WebPage","@id":"https:\/\/demoweb.company\/bachdang\/san-pham\/xi-mang-pcb30\/","url":"https:\/\/demoweb.company\/bachdang\/san-pham\/xi-mang-pcb30\/","name":"Xi m\u0103ng PCB30 - XI M\u0102NG B\u1ea0CH \u0110\u1eb0NG","isPartOf":{"@id":"https:\/\/demoweb.company\/bachdang\/#website"},"primaryImageOfPage":{"@id":"https:\/\/demoweb.company\/bachdang\/san-pham\/xi-mang-pcb30\/#primaryimage"},"image":{"@id":"https:\/\/demoweb.company\/bachdang\/san-pham\/xi-mang-pcb30\/#primaryimage"},"thumbnailUrl":"https:\/\/demoweb.company\/bachdang\/wp-content\/uploads\/2025\/07\/xm-bach-dang-PC30.jpg","datePublished":"2025-07-11T15:13:18+00:00","dateModified":"2025-08-12T07:57:52+00:00","breadcrumb":{"@id":"https:\/\/demoweb.company\/bachdang\/san-pham\/xi-mang-pcb30\/#breadcrumb"},"inLanguage":"vi","potentialAction":[{"@type":"ReadAction","target":["https:\/\/demoweb.company\/bachdang\/san-pham\/xi-mang-pcb30\/"]}]},{"@type":"ImageObject","inLanguage":"vi","@id":"https:\/\/demoweb.company\/bachdang\/san-pham\/xi-mang-pcb30\/#primaryimage","url":"https:\/\/demoweb.company\/bachdang\/wp-content\/uploads\/2025\/07\/xm-bach-dang-PC30.jpg","contentUrl":"https:\/\/demoweb.company\/bachdang\/wp-content\/uploads\/2025\/07\/xm-bach-dang-PC30.jpg","width":668,"height":883},{"@type":"BreadcrumbList","@id":"https:\/\/demoweb.company\/bachdang\/san-pham\/xi-mang-pcb30\/#breadcrumb","itemListElement":[{"@type":"ListItem","position":1,"name":"Trang ch\u1ee7","item":"https:\/\/demoweb.company\/bachdang\/"},{"@type":"ListItem","position":2,"name":"C\u1eeda h\u00e0ng","item":"https:\/\/demoweb.company\/bachdang\/cua-hang\/"},{"@type":"ListItem","position":3,"name":"Xi m\u0103ng PCB30"}]},{"@type":"WebSite","@id":"https:\/\/demoweb.company\/bachdang\/#website","url":"https:\/\/demoweb.company\/bachdang\/","name":"XI M\u0102NG B\u1ea0CH \u0110\u1eb0NG","description":"","potentialAction":[{"@type":"SearchAction","target":{"@type":"EntryPoint","urlTemplate":"https:\/\/demoweb.company\/bachdang\/?s={search_term_string}"},"query-input":"required name=search_term_string"}],"inLanguage":"vi"}]}},"_links":{"self":[{"href":"https:\/\/demoweb.company\/bachdang\/wp-json\/wp\/v2\/product\/103","targetHints":{"allow":["GET"]}}],"collection":[{"href":"https:\/\/demoweb.company\/bachdang\/wp-json\/wp\/v2\/product"}],"about":[{"href":"https:\/\/demoweb.company\/bachdang\/wp-json\/wp\/v2\/types\/product"}],"wp:featuredmedia":[{"embeddable":true,"href":"https:\/\/demoweb.company\/bachdang\/wp-json\/wp\/v2\/media\/974"}],"wp:attachment":[{"href":"https:\/\/demoweb.company\/bachdang\/wp-json\/wp\/v2\/media?parent=103"}],"wp:term":[{"taxonomy":"product_brand","embeddable":true,"href":"https:\/\/demoweb.company\/bachdang\/wp-json\/wp\/v2\/product_brand?post=103"},{"taxonomy":"product_cat","embeddable":true,"href":"https:\/\/demoweb.company\/bachdang\/wp-json\/wp\/v2\/product_cat?post=103"},{"taxonomy":"product_tag","embeddable":true,"href":"https:\/\/demoweb.company\/bachdang\/wp-json\/wp\/v2\/product_tag?post=103"}],"curies":[{"name":"wp","href":"https:\/\/api.w.org\/{rel}","templated":true}]}}