{"id":129,"date":"2025-07-11T22:55:05","date_gmt":"2025-07-11T15:55:05","guid":{"rendered":"https:\/\/demoweb.company\/bachdang\/?post_type=product&#038;p=129"},"modified":"2025-08-12T15:04:00","modified_gmt":"2025-08-12T08:04:00","slug":"clinker","status":"publish","type":"product","link":"https:\/\/demoweb.company\/bachdang\/san-pham\/clinker\/","title":{"rendered":"Clinker"},"content":{"rendered":"<p><img loading=\"lazy\" decoding=\"async\" class=\"aligncenter size-full wp-image-973\" src=\"https:\/\/demoweb.company\/bachdang\/wp-content\/uploads\/2025\/07\/clinker-bd.jpg\" alt=\"\" width=\"832\" height=\"510\" srcset=\"https:\/\/demoweb.company\/bachdang\/wp-content\/uploads\/2025\/07\/clinker-bd.jpg 832w, https:\/\/demoweb.company\/bachdang\/wp-content\/uploads\/2025\/07\/clinker-bd-300x184.jpg 300w, https:\/\/demoweb.company\/bachdang\/wp-content\/uploads\/2025\/07\/clinker-bd-768x471.jpg 768w, https:\/\/demoweb.company\/bachdang\/wp-content\/uploads\/2025\/07\/clinker-bd-600x368.jpg 600w\" sizes=\"auto, (max-width: 832px) 100vw, 832px\" \/><\/p>\n<h2>K\u1ebft qu\u1ea3 th\u1eed nghi\u1ec7m:<\/h2>\n<table style=\"width: 100%;\" border=\"1\">\n<tbody>\n<tr>\n<td style=\"text-align: center;\"><span style=\"font-weight: 400; color: #000000;\">TT<\/span><\/td>\n<td style=\"text-align: center;\"><span style=\"color: #000000;\"><span style=\"font-weight: 400;\">H\u1ea0NG M\u1ee4C TH\u00cd NGHI\u1ec6M<\/span><i><span style=\"font-weight: 400;\"> (Items)<\/span><\/i><\/span><\/td>\n<td style=\"text-align: center;\"><span style=\"font-weight: 400; color: #000000;\">\u0110\u01a0N V\u1eca\u00a0<\/span><\/p>\n<p><span style=\"color: #000000;\"><i><span style=\"font-weight: 400;\">(Units)<\/span><\/i><\/span><\/td>\n<td style=\"text-align: center;\"><span style=\"font-weight: 400; color: #000000;\">PH\u01af\u01a0NG PH\u00c1P TH\u1eec\u00a0<\/span><\/p>\n<p><span style=\"color: #000000;\"><span style=\"font-weight: 400;\">(<\/span><i><span style=\"font-weight: 400;\">Test Method<\/span><\/i><span style=\"font-weight: 400;\">)<\/span><\/span><\/td>\n<td style=\"text-align: center;\"><span style=\"font-weight: 400; color: #000000;\">TI\u00caU CHU\u1ea8N<\/span><\/p>\n<p><span style=\"color: #000000;\"><i><span style=\"font-weight: 400;\">(Spec.limit)<\/span><\/i><\/span><\/td>\n<td style=\"text-align: center;\"><span style=\"font-weight: 400; color: #000000;\">K\u1ebeT QU\u1ea2\u00a0<\/span><\/p>\n<p><span style=\"color: #000000;\"><i><span style=\"font-weight: 400;\">(Test Resuls)<\/span><\/i><\/span><\/td>\n<\/tr>\n<tr>\n<td style=\"text-align: center;\"><span style=\"font-weight: 400; color: #000000;\">1<\/span><\/td>\n<td><span style=\"color: #000000;\"><span style=\"font-weight: 400;\">Ho\u1ea1t t\u00ednh c\u01b0\u1eddng \u0111\u1ed9 <\/span><i><span style=\"font-weight: 400;\">(Compressive strength), min<\/span><\/i><\/span><\/p>\n<ul>\n<li><span style=\"color: #000000;\"><span style=\"font-weight: 400;\">3 ng\u00e0y <\/span><span style=\"font-weight: 400;\">\u00b1<\/span><span style=\"font-weight: 400;\"> 45 ph\u00fat<\/span><i><span style=\"font-weight: 400;\"> (After 3 days)<\/span><\/i><\/span><\/li>\n<li><span style=\"color: #000000;\"><span style=\"font-weight: 400;\">28 ng\u00e0y <\/span><span style=\"font-weight: 400;\">\u00b1<\/span><span style=\"font-weight: 400;\"> 8 gi\u1edd <\/span><i><span style=\"font-weight: 400;\">(After 28 days)<\/span><\/i><\/span><\/li>\n<\/ul>\n<\/td>\n<td>\n<span style=\"color: #000000;\"><span style=\"font-weight: 400;\">N\/mm<\/span><span style=\"font-weight: 400;\">2<\/span><\/span><\/p>\n<p><span style=\"color: #000000;\"><span style=\"font-weight: 400;\">N\/mm<\/span><span style=\"font-weight: 400;\">2<\/span><\/span><\/td>\n<td><span style=\"font-weight: 400; color: #000000;\">TCVN 6016:2011<\/span><\/td>\n<td>\n<span style=\"font-weight: 400; color: #000000;\">\u226525<\/span><\/p>\n<p><span style=\"font-weight: 400; color: #000000;\">\u226550<\/span><\/td>\n<td>\n<span style=\"font-weight: 400; color: #000000;\">33.5<\/span><\/p>\n<p><span style=\"font-weight: 400; color: #000000;\">55.8<\/span><\/td>\n<\/tr>\n<tr>\n<td style=\"text-align: center;\"><span style=\"font-weight: 400; color: #000000;\">2<\/span><\/td>\n<td><span style=\"color: #000000;\"><span style=\"font-weight: 400;\">\u0110\u1ed9 \u1ed5n \u0111\u1ecbnh th\u1ec3 t\u00edch <\/span><i><span style=\"font-weight: 400;\">(Soundness),<\/span><\/i><span style=\"font-weight: 400;\"> max<\/span><\/span><\/td>\n<td><span style=\"font-weight: 400; color: #000000;\">mm<\/span><\/td>\n<td><span style=\"font-weight: 400; color: #000000;\">TCVN 6017:2015<\/span><\/td>\n<td><span style=\"font-weight: 400; color: #000000;\">10<\/span><\/td>\n<td><span style=\"font-weight: 400; color: #000000;\">0.70<\/span><\/td>\n<\/tr>\n<tr>\n<td style=\"text-align: center;\"><span style=\"font-weight: 400; color: #000000;\">3<\/span><\/td>\n<td><span style=\"color: #000000;\"><span style=\"font-weight: 400;\">\u0110\u1ed9 \u1ea9m<\/span><i><span style=\"font-weight: 400;\"> (Moisture), %<\/span><\/i><\/span><\/td>\n<td><span style=\"font-weight: 400; color: #000000;\">%<\/span><\/td>\n<td><span style=\"font-weight: 400; color: #000000;\">TCVN 7024:2013<\/span><\/td>\n<td><span style=\"font-weight: 400; color: #000000;\">\u22641.5<\/span><\/td>\n<td><span style=\"font-weight: 400; color: #000000;\">1.05<\/span><\/td>\n<\/tr>\n<tr>\n<td style=\"text-align: center;\" rowspan=\"12\"><span style=\"font-weight: 400; color: #000000;\">4<\/span><\/td>\n<td><span style=\"color: #000000;\"><span style=\"font-weight: 400;\">Th\u00e0nh ph\u1ea7n kho\u00e1ng ho\u00e1 <\/span><i><span style=\"font-weight: 400;\">(Chemical content), %<\/span><\/i><\/span><\/td>\n<td><\/td>\n<td><\/td>\n<td><\/td>\n<td><\/td>\n<\/tr>\n<tr>\n<td><span style=\"color: #000000;\"><span style=\"font-weight: 400;\">\u00a0 CaO<\/span><span style=\"font-weight: 400;\">td<\/span><span style=\"font-weight: 400;\">\/<\/span><i><span style=\"font-weight: 400;\">Free lime<\/span><\/i><\/span><\/td>\n<td><span style=\"font-weight: 400; color: #000000;\">%<\/span><\/td>\n<td><span style=\"font-weight: 400; color: #000000;\">TCVN 141:2023<\/span><\/td>\n<td><span style=\"font-weight: 400; color: #000000;\">\u22641.5<\/span><\/td>\n<td><span style=\"font-weight: 400; color: #000000;\">1.45<\/span><\/td>\n<\/tr>\n<tr>\n<td><span style=\"color: #000000;\"><span style=\"font-weight: 400;\">\u00a0 MgO\/<\/span><i><span style=\"font-weight: 400;\">Magnesium oxide<\/span><\/i><\/span><\/td>\n<td><span style=\"font-weight: 400; color: #000000;\">%<\/span><\/td>\n<td><span style=\"font-weight: 400; color: #000000;\">TCVN 141:2023<\/span><\/td>\n<td><span style=\"font-weight: 400; color: #000000;\">\u22645.0<\/span><\/td>\n<td><span style=\"font-weight: 400; color: #000000;\">1.35<\/span><\/td>\n<\/tr>\n<tr>\n<td><span style=\"color: #000000;\"><span style=\"font-weight: 400;\">\u00a0 CKT\/ <\/span><i><span style=\"font-weight: 400;\">Insoluble residue<\/span><\/i><\/span><\/td>\n<td><span style=\"font-weight: 400; color: #000000;\">%<\/span><\/td>\n<td><span style=\"font-weight: 400; color: #000000;\">TCVN 141:2023<\/span><\/td>\n<td><span style=\"font-weight: 400; color: #000000;\">\u22640.75<\/span><\/td>\n<td><span style=\"font-weight: 400; color: #000000;\">0.60<\/span><\/td>\n<\/tr>\n<tr>\n<td><span style=\"color: #000000;\"><span style=\"font-weight: 400;\">\u00a0 MKN\/<\/span><i><span style=\"font-weight: 400;\">Loss on ignition<\/span><\/i><\/span><\/td>\n<td><span style=\"font-weight: 400; color: #000000;\">%<\/span><\/td>\n<td><span style=\"font-weight: 400; color: #000000;\">TCVN 141:2023<\/span><\/td>\n<td><span style=\"font-weight: 400; color: #000000;\">\u22641.5<\/span><\/td>\n<td><span style=\"font-weight: 400; color: #000000;\">0.85<\/span><\/td>\n<\/tr>\n<tr>\n<td><span style=\"color: #000000;\"><span style=\"font-weight: 400;\">\u00a0 SO<\/span><span style=\"font-weight: 400;\">3<\/span><span style=\"font-weight: 400;\">\/<\/span><i><span style=\"font-weight: 400;\">Anhydric sulfuric<\/span><\/i><\/span><\/td>\n<td><span style=\"font-weight: 400; color: #000000;\">%<\/span><\/td>\n<td><span style=\"font-weight: 400; color: #000000;\">TCVN 141:2023<\/span><\/td>\n<td><span style=\"font-weight: 400; color: #000000;\">\u22641.5<\/span><\/td>\n<td><span style=\"font-weight: 400; color: #000000;\">0.25<\/span><\/td>\n<\/tr>\n<tr>\n<td><span style=\"color: #000000;\"><span style=\"font-weight: 400;\">\u00a0 H\u00e0m l\u01b0\u1ee3ng ki\u1ec1m quy \u0111\u1ed5i <\/span><i><span style=\"font-weight: 400;\">Alkalies <\/span><\/i><span style=\"font-weight: 400;\">(Na<\/span><span style=\"font-weight: 400;\">2<\/span><span style=\"font-weight: 400;\">O<\/span><span style=\"font-weight: 400;\">q\u0111<\/span><span style=\"font-weight: 400;\">), max<\/span><\/span><\/td>\n<td><span style=\"font-weight: 400; color: #000000;\">%<\/span><\/td>\n<td><span style=\"font-weight: 400; color: #000000;\">Calculation<\/span><\/td>\n<td><span style=\"font-weight: 400; color: #000000;\">\u22640.6<\/span><\/td>\n<td><span style=\"font-weight: 400; color: #000000;\">0.09<\/span><\/td>\n<\/tr>\n<tr>\n<td><span style=\"color: #000000;\"><span style=\"font-weight: 400;\">\u00a0 H\u00e0m l\u01b0\u1ee3ng C<\/span><span style=\"font-weight: 400;\">3<\/span><span style=\"font-weight: 400;\">S\/<\/span><i><span style=\"font-weight: 400;\">Tricalcium silicate<\/span><\/i><span style=\"font-weight: 400;\">, min<\/span><\/span><\/td>\n<td><span style=\"font-weight: 400; color: #000000;\">%<\/span><\/td>\n<td><span style=\"font-weight: 400; color: #000000;\">Calculation<\/span><\/td>\n<td><span style=\"font-weight: 400; color: #000000;\">&#8211;<\/span><\/td>\n<td><span style=\"font-weight: 400; color: #000000;\">59.0<\/span><\/td>\n<\/tr>\n<tr>\n<td><span style=\"color: #000000;\"><span style=\"font-weight: 400;\">\u00a0 H\u00e0m l\u01b0\u1ee3ng C<\/span><span style=\"font-weight: 400;\">2<\/span><span style=\"font-weight: 400;\">S\/<\/span><i><span style=\"font-weight: 400;\">Dicalcium silicate<\/span><\/i><span style=\"font-weight: 400;\">, max<\/span><\/span><\/td>\n<td><span style=\"font-weight: 400; color: #000000;\">%<\/span><\/td>\n<td><span style=\"font-weight: 400; color: #000000;\">Calculation<\/span><\/td>\n<td><span style=\"font-weight: 400; color: #000000;\">&#8211;<\/span><\/td>\n<td><span style=\"font-weight: 400; color: #000000;\">19.5<\/span><\/td>\n<\/tr>\n<tr>\n<td><span style=\"color: #000000;\"><span style=\"font-weight: 400;\">\u00a0 H\u00e0m l\u01b0\u1ee3ng C<\/span><span style=\"font-weight: 400;\">3<\/span><span style=\"font-weight: 400;\">A\/<\/span><i><span style=\"font-weight: 400;\">Tricalcium aluminate<\/span><\/i><span style=\"font-weight: 400;\">, max<\/span><\/span><\/td>\n<td><span style=\"font-weight: 400; color: #000000;\">%<\/span><\/td>\n<td><span style=\"font-weight: 400; color: #000000;\">Calculation<\/span><\/td>\n<td><span style=\"font-weight: 400; color: #000000;\">&#8211;<\/span><\/td>\n<td><span style=\"font-weight: 400; color: #000000;\">7.5<\/span><\/td>\n<\/tr>\n<tr>\n<td><span style=\"color: #000000;\"><span style=\"font-weight: 400;\">\u00a0 H\u00e0m l\u01b0\u1ee3ng C<\/span><span style=\"font-weight: 400;\">4<\/span><span style=\"font-weight: 400;\">AF\/<\/span><i><span style=\"font-weight: 400;\">Tetracalcium aluminoferrite<\/span><\/i><span style=\"font-weight: 400;\">, max<\/span><\/span><\/td>\n<td><span style=\"font-weight: 400; color: #000000;\">%<\/span><\/td>\n<td><span style=\"font-weight: 400; color: #000000;\">Calculation<\/span><\/td>\n<td><span style=\"font-weight: 400; color: #000000;\">&#8211;<\/span><\/td>\n<td><span style=\"font-weight: 400; color: #000000;\">6.8<\/span><\/td>\n<\/tr>\n<tr>\n<td><span style=\"color: #000000;\"><span style=\"font-weight: 400;\">\u00a0 H\u1ec7 s\u1ed1 LSF\/<\/span><i><span style=\"font-weight: 400;\">Lime saturation coefficient<\/span><\/i><span style=\"font-weight: 400;\">, min<\/span><\/span><\/td>\n<td><span style=\"font-weight: 400; color: #000000;\">%<\/span><\/td>\n<td><span style=\"font-weight: 400; color: #000000;\">Calculation<\/span><\/td>\n<td><span style=\"font-weight: 400; color: #000000;\">&#8211;<\/span><\/td>\n<td><span style=\"font-weight: 400; color: #000000;\">94.0<\/span><\/td>\n<\/tr>\n<tr>\n<td style=\"text-align: center;\" rowspan=\"3\"><span style=\"font-weight: 400; color: #000000;\">5<\/span><\/td>\n<td><span style=\"color: #000000;\"><span style=\"font-weight: 400;\">C\u1ee1 hat <\/span><i><span style=\"font-weight: 400;\">(Size):<\/span><\/i><\/span><\/td>\n<td><\/td>\n<td><\/td>\n<td><\/td>\n<td><\/td>\n<\/tr>\n<tr>\n<td><span style=\"font-weight: 400; color: #000000;\">\u00a0 Nh\u1ecf h\u01a1n 1mm, %, max<\/span><\/td>\n<td><span style=\"font-weight: 400; color: #000000;\">%<\/span><\/td>\n<td><span style=\"font-weight: 400; color: #000000;\">TCVN 7024:2013<\/span><\/td>\n<td><span style=\"font-weight: 400; color: #000000;\">&#8211;<\/span><\/td>\n<td><span style=\"font-weight: 400; color: #000000;\">9.5<\/span><\/td>\n<\/tr>\n<tr>\n<td><span style=\"font-weight: 400; color: #000000;\">\u00a0 T\u1eeb 5-25mm, %, min<\/span><\/td>\n<td><span style=\"font-weight: 400; color: #000000;\">%<\/span><\/td>\n<td><span style=\"font-weight: 400; color: #000000;\">TCVN 7024:2013<\/span><\/td>\n<td><span style=\"font-weight: 400; color: #000000;\">&#8211;<\/span><\/td>\n<td><span style=\"font-weight: 400; color: #000000;\">58.5<\/span><\/td>\n<\/tr>\n<tr>\n<td style=\"text-align: center;\"><span style=\"font-weight: 400; color: #000000;\">6<\/span><\/td>\n<td><span style=\"color: #000000;\"><span style=\"font-weight: 400;\">Ch\u1ec9 s\u1ed1 nghi\u1ec1n\/<\/span><i><span style=\"font-weight: 400;\">Grinding coefficient<\/span><\/i><span style=\"font-weight: 400;\">, min<\/span><\/span><\/td>\n<td><\/td>\n<td><span style=\"font-weight: 400; color: #000000;\">TCVN 7024:2013<\/span><\/td>\n<td><span style=\"font-weight: 400; color: #000000;\">1.2<\/span><\/td>\n<td><span style=\"font-weight: 400; color: #000000;\">1.35<\/span><\/td>\n<\/tr>\n<\/tbody>\n<\/table>\n<h2><b>\u0110\u1eb7c \u0111i\u1ec3m n\u1ed5i b\u1eadt:<\/b><\/h2>\n<ul>\n<li><span style=\"font-weight: 400;\">Th\u00e0nh ph\u1ea7n kho\u00e1ng t\u1ed1i \u01b0u, \u0111en x\u00e1m c\u00f3 c\u01b0\u1eddng \u0111\u1ed9 cao R28&gt;55MPa; <\/span><\/li>\n<li><span style=\"font-weight: 400;\">H\u00e0m l\u01b0\u1ee3ng c\u00e1c kho\u00e1ng C3S&gt;55%, C3A&lt;10%, C2S&lt;20%, F-CaO&lt;1.5%, MgO&lt;3.0%. <\/span><\/li>\n<li><span style=\"font-weight: 400;\">Ph\u00f9 h\u1ee3p TCVN 7024:2013 <\/span><\/li>\n<li><span style=\"font-weight: 400;\">\u1ee8ng d\u1ee5ng: Nguy\u00ean li\u1ec7u s\u1ea3n xu\u1ea5t xi m\u0103ng<\/span><\/li>\n<\/ul>\n","protected":false},"excerpt":{"rendered":"<h3>\u0110\u1eb7c \u0111i\u1ec3m n\u1ed5i b\u1eadt:<\/h3>\n<ul>\n<li><span style=\"font-weight: 400;\">Th\u00e0nh ph\u1ea7n kho\u00e1ng t\u1ed1i \u01b0u<\/span><\/li>\n<li><span style=\"font-weight: 400;\">\u0110en x\u00e1m c\u00f3 c\u01b0\u1eddng \u0111\u1ed9 cao R28&gt;55MPa<\/span><\/li>\n<li><span style=\"font-weight: 400;\">H\u00e0m l\u01b0\u1ee3ng c\u00e1c kho\u00e1ng C3S&gt;55%, C3A&lt;10%, C2S&lt;20%, F-CaO&lt;1.5%, MgO&lt;3.0%<\/span><\/li>\n<li><span style=\"font-weight: 400;\">Ph\u00f9 h\u1ee3p TCVN 7024:2013 <\/span><\/li>\n<li><span style=\"font-weight: 400;\">\u1ee8ng d\u1ee5ng: Nguy\u00ean li\u1ec7u s\u1ea3n xu\u1ea5t xi m\u0103ng<\/span><\/li>\n<\/ul>\n","protected":false},"featured_media":942,"template":"","meta":[],"product_brand":[],"product_cat":[17],"product_tag":[],"class_list":{"0":"post-129","1":"product","2":"type-product","3":"status-publish","4":"has-post-thumbnail","6":"product_cat-chua-phan-loai","8":"first","9":"instock","10":"taxable","11":"shipping-taxable","12":"product-type-simple"},"yoast_head":"<!-- This site is optimized with the Yoast SEO Premium plugin v22.9 (Yoast SEO v22.9) - https:\/\/yoast.com\/wordpress\/plugins\/seo\/ -->\n<title>Clinker - XI M\u0102NG B\u1ea0CH \u0110\u1eb0NG<\/title>\n<meta name=\"robots\" content=\"noindex, follow, max-snippet:-1, max-image-preview:large, max-video-preview:-1\" \/>\n<meta property=\"og:locale\" content=\"vi_VN\" \/>\n<meta property=\"og:type\" content=\"article\" \/>\n<meta property=\"og:title\" content=\"Clinker\" \/>\n<meta property=\"og:description\" content=\"\u0110\u1eb7c \u0111i\u1ec3m n\u1ed5i b\u1eadt:   Th\u00e0nh ph\u1ea7n kho\u00e1ng t\u1ed1i \u01b0u  \u0110en x\u00e1m c\u00f3 c\u01b0\u1eddng \u0111\u1ed9 cao R28&gt;55MPa  H\u00e0m l\u01b0\u1ee3ng c\u00e1c kho\u00e1ng C3S&gt;55%, C3A&lt;10%, C2S&lt;20%, F-CaO&lt;1.5%, MgO&lt;3.0%  Ph\u00f9 h\u1ee3p TCVN 7024:2013   \u1ee8ng d\u1ee5ng: Nguy\u00ean li\u1ec7u s\u1ea3n xu\u1ea5t xi m\u0103ng\" \/>\n<meta property=\"og:url\" content=\"https:\/\/demoweb.company\/bachdang\/san-pham\/clinker\/\" \/>\n<meta property=\"og:site_name\" content=\"XI M\u0102NG B\u1ea0CH \u0110\u1eb0NG\" \/>\n<meta property=\"article:modified_time\" content=\"2025-08-12T08:04:00+00:00\" \/>\n<meta property=\"og:image\" content=\"https:\/\/demoweb.company\/bachdang\/wp-content\/uploads\/2025\/07\/sp-clinker.jpg\" \/>\n\t<meta property=\"og:image:width\" content=\"668\" \/>\n\t<meta property=\"og:image:height\" content=\"883\" \/>\n\t<meta property=\"og:image:type\" content=\"image\/jpeg\" \/>\n<meta name=\"twitter:card\" content=\"summary_large_image\" \/>\n<meta name=\"twitter:label1\" content=\"\u01af\u1edbc t\u00ednh th\u1eddi gian \u0111\u1ecdc\" \/>\n\t<meta name=\"twitter:data1\" content=\"2 ph\u00fat\" \/>\n<script type=\"application\/ld+json\" class=\"yoast-schema-graph\">{\"@context\":\"https:\/\/schema.org\",\"@graph\":[{\"@type\":\"WebPage\",\"@id\":\"https:\/\/demoweb.company\/bachdang\/san-pham\/clinker\/\",\"url\":\"https:\/\/demoweb.company\/bachdang\/san-pham\/clinker\/\",\"name\":\"Clinker - XI M\u0102NG B\u1ea0CH \u0110\u1eb0NG\",\"isPartOf\":{\"@id\":\"https:\/\/demoweb.company\/bachdang\/#website\"},\"primaryImageOfPage\":{\"@id\":\"https:\/\/demoweb.company\/bachdang\/san-pham\/clinker\/#primaryimage\"},\"image\":{\"@id\":\"https:\/\/demoweb.company\/bachdang\/san-pham\/clinker\/#primaryimage\"},\"thumbnailUrl\":\"https:\/\/demoweb.company\/bachdang\/wp-content\/uploads\/2025\/07\/sp-clinker.jpg\",\"datePublished\":\"2025-07-11T15:55:05+00:00\",\"dateModified\":\"2025-08-12T08:04:00+00:00\",\"breadcrumb\":{\"@id\":\"https:\/\/demoweb.company\/bachdang\/san-pham\/clinker\/#breadcrumb\"},\"inLanguage\":\"vi\",\"potentialAction\":[{\"@type\":\"ReadAction\",\"target\":[\"https:\/\/demoweb.company\/bachdang\/san-pham\/clinker\/\"]}]},{\"@type\":\"ImageObject\",\"inLanguage\":\"vi\",\"@id\":\"https:\/\/demoweb.company\/bachdang\/san-pham\/clinker\/#primaryimage\",\"url\":\"https:\/\/demoweb.company\/bachdang\/wp-content\/uploads\/2025\/07\/sp-clinker.jpg\",\"contentUrl\":\"https:\/\/demoweb.company\/bachdang\/wp-content\/uploads\/2025\/07\/sp-clinker.jpg\",\"width\":668,\"height\":883},{\"@type\":\"BreadcrumbList\",\"@id\":\"https:\/\/demoweb.company\/bachdang\/san-pham\/clinker\/#breadcrumb\",\"itemListElement\":[{\"@type\":\"ListItem\",\"position\":1,\"name\":\"Trang ch\u1ee7\",\"item\":\"https:\/\/demoweb.company\/bachdang\/\"},{\"@type\":\"ListItem\",\"position\":2,\"name\":\"C\u1eeda h\u00e0ng\",\"item\":\"https:\/\/demoweb.company\/bachdang\/cua-hang\/\"},{\"@type\":\"ListItem\",\"position\":3,\"name\":\"Clinker\"}]},{\"@type\":\"WebSite\",\"@id\":\"https:\/\/demoweb.company\/bachdang\/#website\",\"url\":\"https:\/\/demoweb.company\/bachdang\/\",\"name\":\"XI M\u0102NG B\u1ea0CH \u0110\u1eb0NG\",\"description\":\"\",\"potentialAction\":[{\"@type\":\"SearchAction\",\"target\":{\"@type\":\"EntryPoint\",\"urlTemplate\":\"https:\/\/demoweb.company\/bachdang\/?s={search_term_string}\"},\"query-input\":\"required name=search_term_string\"}],\"inLanguage\":\"vi\"}]}<\/script>\n<!-- \/ Yoast SEO Premium plugin. -->","yoast_head_json":{"title":"Clinker - XI M\u0102NG B\u1ea0CH \u0110\u1eb0NG","robots":{"index":"noindex","follow":"follow","max-snippet":"max-snippet:-1","max-image-preview":"max-image-preview:large","max-video-preview":"max-video-preview:-1"},"og_locale":"vi_VN","og_type":"article","og_title":"Clinker","og_description":"\u0110\u1eb7c \u0111i\u1ec3m n\u1ed5i b\u1eadt:   Th\u00e0nh ph\u1ea7n kho\u00e1ng t\u1ed1i \u01b0u  \u0110en x\u00e1m c\u00f3 c\u01b0\u1eddng \u0111\u1ed9 cao R28&gt;55MPa  H\u00e0m l\u01b0\u1ee3ng c\u00e1c kho\u00e1ng C3S&gt;55%, C3A&lt;10%, C2S&lt;20%, F-CaO&lt;1.5%, MgO&lt;3.0%  Ph\u00f9 h\u1ee3p TCVN 7024:2013   \u1ee8ng d\u1ee5ng: Nguy\u00ean li\u1ec7u s\u1ea3n xu\u1ea5t xi m\u0103ng","og_url":"https:\/\/demoweb.company\/bachdang\/san-pham\/clinker\/","og_site_name":"XI M\u0102NG B\u1ea0CH \u0110\u1eb0NG","article_modified_time":"2025-08-12T08:04:00+00:00","og_image":[{"width":668,"height":883,"url":"https:\/\/demoweb.company\/bachdang\/wp-content\/uploads\/2025\/07\/sp-clinker.jpg","type":"image\/jpeg"}],"twitter_card":"summary_large_image","twitter_misc":{"\u01af\u1edbc t\u00ednh th\u1eddi gian \u0111\u1ecdc":"2 ph\u00fat"},"schema":{"@context":"https:\/\/schema.org","@graph":[{"@type":"WebPage","@id":"https:\/\/demoweb.company\/bachdang\/san-pham\/clinker\/","url":"https:\/\/demoweb.company\/bachdang\/san-pham\/clinker\/","name":"Clinker - XI M\u0102NG B\u1ea0CH \u0110\u1eb0NG","isPartOf":{"@id":"https:\/\/demoweb.company\/bachdang\/#website"},"primaryImageOfPage":{"@id":"https:\/\/demoweb.company\/bachdang\/san-pham\/clinker\/#primaryimage"},"image":{"@id":"https:\/\/demoweb.company\/bachdang\/san-pham\/clinker\/#primaryimage"},"thumbnailUrl":"https:\/\/demoweb.company\/bachdang\/wp-content\/uploads\/2025\/07\/sp-clinker.jpg","datePublished":"2025-07-11T15:55:05+00:00","dateModified":"2025-08-12T08:04:00+00:00","breadcrumb":{"@id":"https:\/\/demoweb.company\/bachdang\/san-pham\/clinker\/#breadcrumb"},"inLanguage":"vi","potentialAction":[{"@type":"ReadAction","target":["https:\/\/demoweb.company\/bachdang\/san-pham\/clinker\/"]}]},{"@type":"ImageObject","inLanguage":"vi","@id":"https:\/\/demoweb.company\/bachdang\/san-pham\/clinker\/#primaryimage","url":"https:\/\/demoweb.company\/bachdang\/wp-content\/uploads\/2025\/07\/sp-clinker.jpg","contentUrl":"https:\/\/demoweb.company\/bachdang\/wp-content\/uploads\/2025\/07\/sp-clinker.jpg","width":668,"height":883},{"@type":"BreadcrumbList","@id":"https:\/\/demoweb.company\/bachdang\/san-pham\/clinker\/#breadcrumb","itemListElement":[{"@type":"ListItem","position":1,"name":"Trang ch\u1ee7","item":"https:\/\/demoweb.company\/bachdang\/"},{"@type":"ListItem","position":2,"name":"C\u1eeda h\u00e0ng","item":"https:\/\/demoweb.company\/bachdang\/cua-hang\/"},{"@type":"ListItem","position":3,"name":"Clinker"}]},{"@type":"WebSite","@id":"https:\/\/demoweb.company\/bachdang\/#website","url":"https:\/\/demoweb.company\/bachdang\/","name":"XI M\u0102NG B\u1ea0CH \u0110\u1eb0NG","description":"","potentialAction":[{"@type":"SearchAction","target":{"@type":"EntryPoint","urlTemplate":"https:\/\/demoweb.company\/bachdang\/?s={search_term_string}"},"query-input":"required name=search_term_string"}],"inLanguage":"vi"}]}},"_links":{"self":[{"href":"https:\/\/demoweb.company\/bachdang\/wp-json\/wp\/v2\/product\/129","targetHints":{"allow":["GET"]}}],"collection":[{"href":"https:\/\/demoweb.company\/bachdang\/wp-json\/wp\/v2\/product"}],"about":[{"href":"https:\/\/demoweb.company\/bachdang\/wp-json\/wp\/v2\/types\/product"}],"wp:featuredmedia":[{"embeddable":true,"href":"https:\/\/demoweb.company\/bachdang\/wp-json\/wp\/v2\/media\/942"}],"wp:attachment":[{"href":"https:\/\/demoweb.company\/bachdang\/wp-json\/wp\/v2\/media?parent=129"}],"wp:term":[{"taxonomy":"product_brand","embeddable":true,"href":"https:\/\/demoweb.company\/bachdang\/wp-json\/wp\/v2\/product_brand?post=129"},{"taxonomy":"product_cat","embeddable":true,"href":"https:\/\/demoweb.company\/bachdang\/wp-json\/wp\/v2\/product_cat?post=129"},{"taxonomy":"product_tag","embeddable":true,"href":"https:\/\/demoweb.company\/bachdang\/wp-json\/wp\/v2\/product_tag?post=129"}],"curies":[{"name":"wp","href":"https:\/\/api.w.org\/{rel}","templated":true}]}}