{"id":15,"date":"2023-05-29T15:08:27","date_gmt":"2023-05-29T15:08:27","guid":{"rendered":"https:\/\/demoweb.company\/huykhanh2\/?page_id=15"},"modified":"2024-10-10T12:21:55","modified_gmt":"2024-10-10T05:21:55","slug":"lien-he","status":"publish","type":"page","link":"https:\/\/demoweb.company\/fujiseikotech\/lien-he\/","title":{"rendered":"Li\u00ean h\u1ec7"},"content":{"rendered":"\n\n  <div class=\"banner has-hover\" id=\"banner-481663006\">\n          <div class=\"banner-inner fill\">\n        <div class=\"banner-bg fill\" >\n            <img loading=\"lazy\" decoding=\"async\" width=\"1020\" height=\"319\" src=\"https:\/\/demoweb.company\/fujiseikotech\/wp-content\/uploads\/2024\/10\/Contact-us-1024x320.jpg\" class=\"bg attachment-large size-large\" alt=\"\" \/>                                    \n                    <\/div>\n\t\t\n        <div class=\"banner-layers container\">\n            <div class=\"fill banner-link\"><\/div>            \n\n\n        <\/div>\n      <\/div>\n\n              <div class=\"height-fix is-invisible\"><img loading=\"lazy\" decoding=\"async\" width=\"1020\" height=\"319\" src=\"https:\/\/demoweb.company\/fujiseikotech\/wp-content\/uploads\/2024\/10\/Contact-us-1024x320.jpg\" class=\"attachment-large size-large\" alt=\"\" srcset=\"https:\/\/demoweb.company\/fujiseikotech\/wp-content\/uploads\/2024\/10\/Contact-us-1024x320.jpg 1024w, https:\/\/demoweb.company\/fujiseikotech\/wp-content\/uploads\/2024\/10\/Contact-us-300x94.jpg 300w, https:\/\/demoweb.company\/fujiseikotech\/wp-content\/uploads\/2024\/10\/Contact-us-768x240.jpg 768w, https:\/\/demoweb.company\/fujiseikotech\/wp-content\/uploads\/2024\/10\/Contact-us-1536x480.jpg 1536w, https:\/\/demoweb.company\/fujiseikotech\/wp-content\/uploads\/2024\/10\/Contact-us-600x188.jpg 600w, https:\/\/demoweb.company\/fujiseikotech\/wp-content\/uploads\/2024\/10\/Contact-us.jpg 1920w\" sizes=\"auto, (max-width: 1020px) 100vw, 1020px\" \/><\/div>\n              <\/div>\n\n\n<div class=\"row\"  id=\"row-1034011875\">\n\n\n\t<div id=\"col-475396015\" class=\"col medium-6 small-12 large-6\"  >\n\t\t\t\t<div class=\"col-inner\"  >\n\t\t\t\n\t\t\t\n\n<div class=\"container section-title-container\" ><h3 class=\"section-title section-title-normal\"><b><\/b><span class=\"section-title-main\" >TH\u00d4NG TIN LI\u00caN H\u1ec6<\/span><b><\/b><\/h3><\/div>\n\n<h3><strong>C\u00f4ng ty Fuji Seiko Technical Co., Ltd<\/strong><\/h3>\n<p>\u00a0<\/p>\n<p><span id=\"page1R_mcid25\" class=\"markedContent\"><span dir=\"ltr\" role=\"presentation\">&#8211;\u00a0 <strong>V\u0103n ph\u00f2ng<\/strong><\/span> <span dir=\"ltr\" role=\"presentation\">:<\/span> <em><strong><span dir=\"ltr\" role=\"presentation\">L<\/span><span dir=\"ltr\" role=\"presentation\">12- L15 K<\/span><span dir=\"ltr\" role=\"presentation\">\u0110<\/span><span dir=\"ltr\" role=\"presentation\">T D\u01b0\u01a1ng N\u1ed9i,<\/span> <span dir=\"ltr\" role=\"presentation\">Ph\u01b0\u1eddng<\/span> <span dir=\"ltr\" role=\"presentation\">La Kh\u00ea,<\/span> <span dir=\"ltr\" role=\"presentation\">Qu\u1eadn<\/span> <span dir=\"ltr\" role=\"presentation\">H\u00e0 <\/span><span dir=\"ltr\" role=\"presentation\">\u0110\u00f4ng.<\/span><\/strong><\/em><\/span><\/p>\n<p><span id=\"page1R_mcid26\" class=\"markedContent\"><span dir=\"ltr\" role=\"presentation\">&#8211;\u00a0 <strong>Nh\u00e0 m\u00e1y<\/strong><\/span><span dir=\"ltr\" role=\"presentation\">:<\/span><em><strong> <span dir=\"ltr\" role=\"presentation\">L<\/span><span dir=\"ltr\" role=\"presentation\">\u00f4<\/span> <span dir=\"ltr\" role=\"presentation\">C8-C9,<\/span> <span dir=\"ltr\" role=\"presentation\">KCN \u0110\u00ecnh Tr\u00e1m,<\/span> <span dir=\"ltr\" role=\"presentation\">X\u00e3 H\u1ed3ng Th\u00e1i, th\u1ecb tr\u1ea5n <\/span><span dir=\"ltr\" role=\"presentation\">N\u1ebfnh, th\u1ecb x\u00e3 Vi\u1ec7t Y\u00ean, t\u1ec9nh B\u1eafc Giang<\/span><\/strong><\/em><\/span><\/p>\n<p><span id=\"page1R_mcid27\" class=\"markedContent\"><span dir=\"ltr\" role=\"presentation\">&#8211;\u00a0 <strong>Tel<\/strong>:<\/span> <em><strong><span dir=\"ltr\" role=\"presentation\">+84<\/span> <span dir=\"ltr\" role=\"presentation\">36 992 6565<\/span> <\/strong><\/em><\/span><\/p>\n<p><span id=\"page1R_mcid27\" class=\"markedContent\"><span dir=\"ltr\" role=\"presentation\">&#8211;\u00a0 <strong>Email<\/strong>: <em><strong>FujiSeiko.tech01@gmail.com<\/strong><\/em><\/span><\/span><\/p>\n\n\t\t<\/div>\n\t\t\t\t\t<\/div>\n\n\t\n\n\t<div id=\"col-2134452704\" class=\"col medium-6 small-12 large-6\"  >\n\t\t\t\t<div class=\"col-inner\"  >\n\t\t\t\n\t\t\t\n\n<div class=\"container section-title-container\" ><h3 class=\"section-title section-title-normal\"><b><\/b><span class=\"section-title-main\" >B\u1ea2N \u0110\u1ed2<\/span><b><\/b><\/h3><\/div>\n\n<p><iframe src=\"https:\/\/www.google.com\/maps\/embed?pb=!1m18!1m12!1m3!1d3725.1388542868444!2d105.74336427596901!3d20.98707038920777!2m3!1f0!2f0!3f0!3m2!1i1024!2i768!4f13.1!3m3!1m2!1s0x313453f9323c2c6b%3A0x6a2227fdc1927798!2zS0RUIETGsMahbmcgTuG7mWk!5e0!3m2!1svi!2s!4v1728524590287!5m2!1svi!2s\" width=\"600\" height=\"250\" style=\"border:0;\" allowfullscreen=\"\" loading=\"lazy\" referrerpolicy=\"no-referrer-when-downgrade\"><\/iframe><\/p>\n\n\t\t<\/div>\n\t\t\t\t\t<\/div>\n\n\t\n\n<\/div>\n\n","protected":false},"excerpt":{"rendered":"","protected":false},"author":1,"featured_media":0,"parent":0,"menu_order":0,"comment_status":"closed","ping_status":"closed","template":"page-blank.php","meta":{"footnotes":""},"class_list":["post-15","page","type-page","status-publish","hentry"],"_links":{"self":[{"href":"https:\/\/demoweb.company\/fujiseikotech\/wp-json\/wp\/v2\/pages\/15","targetHints":{"allow":["GET"]}}],"collection":[{"href":"https:\/\/demoweb.company\/fujiseikotech\/wp-json\/wp\/v2\/pages"}],"about":[{"href":"https:\/\/demoweb.company\/fujiseikotech\/wp-json\/wp\/v2\/types\/page"}],"author":[{"embeddable":true,"href":"https:\/\/demoweb.company\/fujiseikotech\/wp-json\/wp\/v2\/users\/1"}],"replies":[{"embeddable":true,"href":"https:\/\/demoweb.company\/fujiseikotech\/wp-json\/wp\/v2\/comments?post=15"}],"version-history":[{"count":1,"href":"https:\/\/demoweb.company\/fujiseikotech\/wp-json\/wp\/v2\/pages\/15\/revisions"}],"predecessor-version":[{"id":472,"href":"https:\/\/demoweb.company\/fujiseikotech\/wp-json\/wp\/v2\/pages\/15\/revisions\/472"}],"wp:attachment":[{"href":"https:\/\/demoweb.company\/fujiseikotech\/wp-json\/wp\/v2\/media?parent=15"}],"curies":[{"name":"wp","href":"https:\/\/api.w.org\/{rel}","templated":true}]}}