{"id":347,"date":"2024-06-15T07:23:30","date_gmt":"2024-06-15T07:23:30","guid":{"rendered":"https:\/\/demoweb.company\/huykhanh2\/?post_type=product&#038;p=347"},"modified":"2024-10-09T22:29:50","modified_gmt":"2024-10-09T15:29:50","slug":"san-pham-demo-06-2","status":"publish","type":"product","link":"https:\/\/demoweb.company\/fujiseikotech\/san-pham\/san-pham-demo-06-2\/","title":{"rendered":"S\u1ea3n ph\u1ea9m FujiSeiko demo 06"},"content":{"rendered":"<h3>s\u1eed d\u1ee5ng:<\/h3>\n<p>M\u00e1y nghi\u1ec1n hi\u1ec7u su\u1ea5t cao FG-300 th\u00edch h\u1ee3p \u0111\u1ec3 nghi\u1ec1n c\u00e1c v\u1eadt li\u1ec7u kh\u00f4 v\u00e0 gi\u00f2n trong d\u01b0\u1ee3c ph\u1ea9m, h\u00f3a ch\u1ea5t, th\u1ef1c ph\u1ea9m, n\u00f4ng nghi\u1ec7p v\u00e0 c\u00e1c ng\u00e0nh c\u00f4ng nghi\u1ec7p kh\u00e1c.<\/p>\n<h3><strong>nguy\u00ean t\u1eafc l\u00e0m vi\u1ec7c:\u3000<\/strong><\/h3>\n<p>Ch\u1ee9c n\u0103ng nghi\u1ec1n c\u1ee7a m\u00e1y nghi\u1ec1n \u0111\u01b0\u1ee3c ho\u00e0n th\u00e0nh trong c\u00e1c bu\u1ed3ng nghi\u1ec1n \u1edf m\u1ecdi c\u1ea5p \u0111\u1ed9. Sau khi v\u1eadt li\u1ec7u \u0111\u01b0\u1ee3c n\u1ea1p v\u00e0o ph\u1ec5u, n\u00f3 \u0111i v\u00e0o ph\u00f2ng l\u00e0m vi\u1ec7c d\u01b0\u1edbi s\u1ef1 \u0111i\u1ec1u khi\u1ec3n c\u1ee7a t\u1ea5m ch\u00e8n d\u01b0\u1edbi t\u00e1c d\u1ee5ng c\u1ee7a l\u1ef1c ly t\u00e2m t\u1ed1c \u0111\u1ed9 cao. \u0110\u0129a nghi\u1ec1n di \u0111\u1ed9ng quay, v\u1eadt li\u1ec7u \u0111i v\u00e0o \u0111\u0129a nghi\u1ec1n di \u0111\u1ed9ng t\u1eebng b\u01b0\u1edbc. Trong bu\u1ed3ng nghi\u1ec1n giai \u0111o\u1ea1n 1 \u0111\u1ebfn giai \u0111o\u1ea1n 4 g\u1ed3m c\u00e1c \u0111\u0129a nghi\u1ec1n c\u1ed1 \u0111\u1ecbnh, v\u1eadt li\u1ec7u \u0111\u01b0\u1ee3c nghi\u1ec1n d\u01b0\u1edbi t\u00e1c d\u1ee5ng t\u1ed5ng h\u1ee3p c\u1ee7a va \u0111\u1eadp, c\u1eaft, ma s\u00e1t c\u1ee7a qu\u00e1 tr\u00ecnh nghi\u1ec1n. dao v\u00e0 s\u1ef1 t\u00e1c \u0111\u1ed9ng c\u1ee7a c\u00e1c v\u1eadt li\u1ec7u l\u00ean nhau. C\u00e1c v\u1eadt li\u1ec7u nghi\u1ec1n \u0111\u01b0\u1ee3c th\u1ea3i qua m\u00e0n h\u00ecnh. \u0110\u1ed9 m\u1ecbn c\u1ee7a b\u1ed9t c\u00f3 th\u1ec3 \u0111\u1ea1t \u0111\u01b0\u1ee3c b\u1eb1ng c\u00e1ch thay th\u1ebf c\u00e1c m\u00e0n h\u00ecnh b\u1eb1ng c\u00e1c kh\u1ea9u \u0111\u1ed9 kh\u00e1c nhau (s\u1ed1 l\u01b0\u1edbi).<\/p>\n<h3><strong>\u0110\u1eb7c tr\u01b0ng:\u3000<\/strong><\/h3>\n<p>\u2022M\u00e1y c\u00f3 k\u1ebft c\u1ea5u \u0111\u01a1n gi\u1ea3n, ch\u1eafc ch\u1eafn, v\u1eadn h\u00e0nh \u00eam \u00e1i v\u00e0 hi\u1ec7u qu\u1ea3 nghi\u1ec1n t\u1ed1t.<br \/>\n\u2022D\u1ec5 d\u00e0ng v\u1eadn h\u00e0nh, ch\u1ec9 c\u1ea7n thay th\u1ebf c\u00e1c t\u1ea5m l\u01b0\u1edbi c\u00f3 k\u00edch th\u01b0\u1edbc m\u1eaft l\u01b0\u1edbi kh\u00e1c nhau l\u00e0 \u0111\u00e1p \u1ee9ng \u0111\u01b0\u1ee3c y\u00eau c\u1ea7u.<br \/>\n\u2022C\u00e1c b\u1ed9 ph\u1eadn ti\u1ebfp x\u00fac v\u1edbi v\u1eadt li\u1ec7u \u0111\u1ec1u \u0111\u01b0\u1ee3c l\u00e0m b\u1eb1ng th\u00e9p kh\u00f4ng g\u1ec9 ch\u1ea5t l\u01b0\u1ee3ng cao qua qu\u00e1 tr\u00ecnh \u0111\u00e1nh b\u00f3ng v\u00e0 s\u00e0ng l\u1ecdc. \u0110\u1eb7c bi\u1ec7t, bu\u1ed3ng nghi\u1ec1n \u0111\u01b0\u1ee3c l\u00e0m b\u1eb1ng th\u00e9p kh\u00f4ng g\u1ec9 v\u00e0 c\u00e1c th\u00e0nh trong v\u00e0 ngo\u00e0i \u0111\u01b0\u1ee3c tr\u00e1ng g\u01b0\u01a1ng. &#8211; T\u1ea5m th\u00e9p kh\u00f4ng g\u1ec9 \u0111\u01b0\u1ee3c \u0111\u00e1nh b\u00f3ng, \u0111\u1ea1t ti\u00eau chu\u1ea9n GMP.<\/p>\n<p><img loading=\"lazy\" decoding=\"async\" class=\"aligncenter size-full wp-image-348\" src=\"https:\/\/demoweb.company\/huykhanh2\/wp-content\/uploads\/2024\/06\/1812121444848.jpg\" alt=\"\" width=\"700\" height=\"264\" srcset=\"https:\/\/demoweb.company\/fujiseikotech\/wp-content\/uploads\/2024\/06\/1812121444848.jpg 700w, https:\/\/demoweb.company\/fujiseikotech\/wp-content\/uploads\/2024\/06\/1812121444848-300x113.jpg 300w, https:\/\/demoweb.company\/fujiseikotech\/wp-content\/uploads\/2024\/06\/1812121444848-600x226.jpg 600w\" sizes=\"auto, (max-width: 700px) 100vw, 700px\" \/><\/p>\n","protected":false},"excerpt":{"rendered":"<p>s\u1eed d\u1ee5ng: M\u00e1y nghi\u1ec1n hi\u1ec7u su\u1ea5t cao FG-300 th\u00edch h\u1ee3p \u0111\u1ec3 nghi\u1ec1n c\u00e1c v\u1eadt li\u1ec7u kh\u00f4 v\u00e0 gi\u00f2n trong d\u01b0\u1ee3c ph\u1ea9m, h\u00f3a ch\u1ea5t, th\u1ef1c ph\u1ea9m, n\u00f4ng nghi\u1ec7p v\u00e0 c\u00e1c ng\u00e0nh c\u00f4ng nghi\u1ec7p kh\u00e1c. nguy\u00ean t\u1eafc l\u00e0m vi\u1ec7c:\u3000 Ch\u1ee9c n\u0103ng nghi\u1ec1n c\u1ee7a m\u00e1y nghi\u1ec1n \u0111\u01b0\u1ee3c ho\u00e0n th\u00e0nh trong c\u00e1c bu\u1ed3ng nghi\u1ec1n \u1edf m\u1ecdi c\u1ea5p \u0111\u1ed9. Sau&#8230;<\/p>\n","protected":false},"featured_media":425,"comment_status":"open","ping_status":"closed","template":"","meta":[],"product_cat":[17,41,40,39,43,42,44],"product_tag":[],"class_list":["post-347","product","type-product","status-publish","has-post-thumbnail","hentry","product_cat-chua-phan-loai","product_cat-chip-cat","product_cat-da-mai","product_cat-gioang-cao-su","product_cat-jig-ga-thiet-bi-do-kiem","product_cat-phu-tung-thiet-bi-san-xuat","product_cat-san-pham-khac"],"_links":{"self":[{"href":"https:\/\/demoweb.company\/fujiseikotech\/wp-json\/wp\/v2\/product\/347","targetHints":{"allow":["GET"]}}],"collection":[{"href":"https:\/\/demoweb.company\/fujiseikotech\/wp-json\/wp\/v2\/product"}],"about":[{"href":"https:\/\/demoweb.company\/fujiseikotech\/wp-json\/wp\/v2\/types\/product"}],"replies":[{"embeddable":true,"href":"https:\/\/demoweb.company\/fujiseikotech\/wp-json\/wp\/v2\/comments?post=347"}],"wp:featuredmedia":[{"embeddable":true,"href":"https:\/\/demoweb.company\/fujiseikotech\/wp-json\/wp\/v2\/media\/425"}],"wp:attachment":[{"href":"https:\/\/demoweb.company\/fujiseikotech\/wp-json\/wp\/v2\/media?parent=347"}],"wp:term":[{"taxonomy":"product_cat","embeddable":true,"href":"https:\/\/demoweb.company\/fujiseikotech\/wp-json\/wp\/v2\/product_cat?post=347"},{"taxonomy":"product_tag","embeddable":true,"href":"https:\/\/demoweb.company\/fujiseikotech\/wp-json\/wp\/v2\/product_tag?post=347"}],"curies":[{"name":"wp","href":"https:\/\/api.w.org\/{rel}","templated":true}]}}