{"id":353,"date":"2024-06-15T07:28:37","date_gmt":"2024-06-15T07:28:37","guid":{"rendered":"https:\/\/demoweb.company\/huykhanh2\/?post_type=product&#038;p=353"},"modified":"2024-10-09T22:26:24","modified_gmt":"2024-10-09T15:26:24","slug":"san-pham-demo-04-2","status":"publish","type":"product","link":"https:\/\/demoweb.company\/fujiseikotech\/san-pham\/san-pham-demo-04-2\/","title":{"rendered":"S\u1ea3n ph\u1ea9m FujiSeiko demo 04"},"content":{"rendered":"<p><strong>T\u1ed5ng quan\u00a0:<\/strong><\/p>\n<p><strong><br \/>\n<\/strong>\u3000\u3000C\u00f4ng ngh\u1ec7 t\u1ea1o vi\u00ean \u00e9p \u0111\u00f9n-spheronization l\u00e0 m\u1ed9t trong nh\u1eefng ph\u01b0\u01a1ng ph\u00e1p hi\u1ec7u qu\u1ea3 nh\u1ea5t \u0111\u1ec3 ch\u1ebf t\u1ea1o vi\u00ean. C\u00f4ng ngh\u1ec7 n\u00e0y ch\u1ee7 y\u1ebfu \u0111\u01b0\u1ee3c s\u1eed d\u1ee5ng \u0111\u1ec3 \u00e9p \u0111\u00f9n v\u00e0 t\u1ea1o h\u00ecnh c\u1ea7u c\u00e1c v\u1eadt li\u1ec7u c\u00f3 kh\u1ea3 n\u0103ng h\u1ea5p th\u1ee5 n\u01b0\u1edbc m\u1ea1nh v\u00e0 h\u00e0m l\u01b0\u1ee3ng \u0111\u01b0\u1eddng v\u00e0 ch\u1ea5t b\u00e9o th\u1ea5p. Th\u1ef1c ti\u1ec5n \u0111\u00e3 ch\u1ee9ng minh r\u1eb1ng c\u00e1c s\u1ea3n ph\u1ea9m \u0111\u01b0\u1ee3c t\u1ea1o ra b\u1eb1ng thi\u1ebft b\u1ecb k\u1ef9 thu\u1eadt n\u00e0y c\u00f3 d\u1ea1ng vi\u00ean tr\u00f2n, \u0111\u1ed3ng \u0111\u1ec1u v\u00e0 ch\u1ea5t l\u01b0\u1ee3ng t\u1ed1t h\u01a1n \u0111\u00e1ng k\u1ec3 so v\u1edbi c\u00e1c s\u1ea3n ph\u1ea9m \u0111\u01b0\u1ee3c s\u1ea3n xu\u1ea5t b\u1eb1ng thi\u1ebft b\u1ecb k\u1ef9 thu\u1eadt kh\u00e1c.<\/p>\n<p>Thi\u1ebft b\u1ecb k\u1ef9 thu\u1eadt n\u00e0y ph\u00f9 h\u1ee3p cho vi\u1ec7c chu\u1ea9n b\u1ecb \u01b0\u1edbt c\u00e1c th\u00f4ng s\u1ed1 k\u1ef9 thu\u1eadt kh\u00e1c nhau c\u1ee7a v\u1eadt li\u1ec7u d\u1ea1ng vi\u00ean trong d\u01b0\u1ee3c ph\u1ea9m, h\u00f3a ch\u1ea5t, th\u1ef1c ph\u1ea9m, th\u1ee9c \u0103n ch\u0103n nu\u00f4i, \u0111i\u1ec7n t\u1eed v\u00e0 c\u00e1c ng\u00e0nh c\u00f4ng nghi\u1ec7p kh\u00e1c. Thi\u1ebft b\u1ecb k\u1ef9 thu\u1eadt n\u00e0y bao g\u1ed3m hai b\u1ed9 ph\u1eadn ch\u1ee9c n\u0103ng: thi\u1ebft b\u1ecb \u00e9p \u0111\u00f9n v\u00e0 thi\u1ebft b\u1ecb t\u1ea1o h\u00ecnh c\u1ea7u. T\u1ed1c \u0111\u1ed9 \u0111\u1ec1u \u0111\u01b0\u1ee3c ki\u1ec3m so\u00e1t t\u1ea7n s\u1ed1.<\/p>\n<p>&nbsp;<\/p>\n<p><strong>Nguy\u00ean l\u00fd l\u00e0m vi\u00ean thu\u1ed1c:<\/strong><\/p>\n<p><strong><br \/>\n<\/strong>\u3000\u3000V\u1eadt li\u1ec7u m\u1ec1m \u0111\u00e3 chu\u1ea9n b\u1ecb \u0111\u01b0\u1ee3c chu\u1ea9n b\u1ecb th\u00e0nh c\u00e1c s\u1ee3i c\u00f3 \u0111\u01b0\u1eddng k\u00ednh kh\u00e1c nhau t\u00f9y theo \u0111\u01b0\u1eddng k\u00ednh vi\u00ean kh\u00e1c nhau th\u00f4ng qua m\u1ed9t thi\u1ebft b\u1ecb \u00e9p \u0111\u00f9n, sau \u0111\u00f3 c\u00e1c s\u1ee3i n\u00e0y \u0111\u01b0\u1ee3c \u0111\u1eb7t v\u00e0o \u0111\u0129a c\u1ee7a thi\u1ebft b\u1ecb t\u1ea1o h\u00ecnh c\u1ea7u. T\u1ea5m m\u1eb7t v\u1ecf s\u00f2 quay, d\u01b0\u1edbi t\u00e1c d\u1ee5ng c\u1ee7a l\u1ef1c ly t\u00e2m v\u00e0 l\u1ef1c c\u1eaft do ch\u00eanh l\u1ec7ch t\u1ed1c \u0111\u1ed9 t\u1ea1o ra, c\u00e1c d\u1ea3i d\u00e2y \u0111\u01b0\u1ee3c c\u1eaft th\u00e0nh c\u00e1c h\u00ecnh tr\u1ee5 nh\u1ecf \u0111\u1ed3ng nh\u1ea5t. T\u1ea5m m\u1eb7t v\u1ecf s\u00f2 \u0111\u01b0\u1ee3c s\u1eed d\u1ee5ng \u0111\u1ec3 t\u01b0\u01a1ng t\u00e1c v\u1edbi h\u00ecnh tr\u1ee5 nh\u1ecf trong qu\u00e1 tr\u00ecnh quay. S\u1ef1 ch\u00eanh l\u1ec7ch t\u1ed1c \u0111\u1ed9 l\u00e0m cho v\u1eadt li\u1ec7u b\u1ecb c\u1eaft th\u00e0nh c\u00e1c h\u00ecnh tr\u1ee5 nh\u1ecf tr\u1ea3i qua chuy\u1ec3n \u0111\u1ed9ng tr\u00f2n kh\u00f4ng \u0111\u1ec1u v\u00e0 trong qu\u00e1 tr\u00ecnh chuy\u1ec3n \u0111\u1ed9ng, cu\u1ed1i c\u00f9ng n\u00f3 tr\u1edf th\u00e0nh m\u1ed9t v\u1eadt th\u1ec3 h\u00ecnh c\u1ea7u \u0111\u1ec1u \u0111\u1eb7n (vi\u00ean) v\u1edbi k\u00edch th\u01b0\u1edbc h\u1ea1t \u0111\u1ed3ng \u0111\u1ec1u. Do s\u1ef1 l\u0103n do chuy\u1ec3n \u0111\u1ed9ng kh\u00f4ng \u0111\u1ec1u c\u1ee7a c\u00e1c h\u1ea1t n\u00ean h\u01a1i \u1ea9m b\u00ean trong h\u1ea1t (vi\u00ean) b\u1ecb n\u00e9n l\u1ea1i v\u00e0 th\u1ea5m \u0111\u1ec1u ra kh\u1ecfi b\u1ec1 m\u1eb7t khi\u1ebfn cho c\u00e1c h\u1ea1t (vi\u00ean) \u0111\u00e3 qua x\u1eed l\u00fd tr\u1edf n\u00ean tr\u00f2n v\u00e0 s\u00e1ng b\u00f3ng h\u01a1n.<\/p>\n<p><img loading=\"lazy\" decoding=\"async\" class=\"aligncenter size-full wp-image-354\" src=\"https:\/\/demoweb.company\/huykhanh2\/wp-content\/uploads\/2024\/06\/1812121501150.jpg\" alt=\"\" width=\"700\" height=\"230\" srcset=\"https:\/\/demoweb.company\/fujiseikotech\/wp-content\/uploads\/2024\/06\/1812121501150.jpg 700w, https:\/\/demoweb.company\/fujiseikotech\/wp-content\/uploads\/2024\/06\/1812121501150-300x99.jpg 300w, https:\/\/demoweb.company\/fujiseikotech\/wp-content\/uploads\/2024\/06\/1812121501150-600x197.jpg 600w\" sizes=\"auto, (max-width: 700px) 100vw, 700px\" \/><\/p>\n","protected":false},"excerpt":{"rendered":"<p>T\u1ed5ng quan\u00a0: \u3000\u3000C\u00f4ng ngh\u1ec7 t\u1ea1o vi\u00ean \u00e9p \u0111\u00f9n-spheronization l\u00e0 m\u1ed9t trong nh\u1eefng ph\u01b0\u01a1ng ph\u00e1p hi\u1ec7u qu\u1ea3 nh\u1ea5t \u0111\u1ec3 ch\u1ebf t\u1ea1o vi\u00ean. C\u00f4ng ngh\u1ec7 n\u00e0y ch\u1ee7 y\u1ebfu \u0111\u01b0\u1ee3c s\u1eed d\u1ee5ng \u0111\u1ec3 \u00e9p \u0111\u00f9n v\u00e0 t\u1ea1o h\u00ecnh c\u1ea7u c\u00e1c v\u1eadt li\u1ec7u c\u00f3 kh\u1ea3 n\u0103ng h\u1ea5p th\u1ee5 n\u01b0\u1edbc m\u1ea1nh v\u00e0 h\u00e0m l\u01b0\u1ee3ng \u0111\u01b0\u1eddng v\u00e0 ch\u1ea5t b\u00e9o th\u1ea5p. Th\u1ef1c&#8230;<\/p>\n","protected":false},"featured_media":423,"comment_status":"open","ping_status":"closed","template":"","meta":[],"product_cat":[17,41,40,39,43,42,44],"product_tag":[],"class_list":["post-353","product","type-product","status-publish","has-post-thumbnail","hentry","product_cat-chua-phan-loai","product_cat-chip-cat","product_cat-da-mai","product_cat-gioang-cao-su","product_cat-jig-ga-thiet-bi-do-kiem","product_cat-phu-tung-thiet-bi-san-xuat","product_cat-san-pham-khac"],"_links":{"self":[{"href":"https:\/\/demoweb.company\/fujiseikotech\/wp-json\/wp\/v2\/product\/353","targetHints":{"allow":["GET"]}}],"collection":[{"href":"https:\/\/demoweb.company\/fujiseikotech\/wp-json\/wp\/v2\/product"}],"about":[{"href":"https:\/\/demoweb.company\/fujiseikotech\/wp-json\/wp\/v2\/types\/product"}],"replies":[{"embeddable":true,"href":"https:\/\/demoweb.company\/fujiseikotech\/wp-json\/wp\/v2\/comments?post=353"}],"wp:featuredmedia":[{"embeddable":true,"href":"https:\/\/demoweb.company\/fujiseikotech\/wp-json\/wp\/v2\/media\/423"}],"wp:attachment":[{"href":"https:\/\/demoweb.company\/fujiseikotech\/wp-json\/wp\/v2\/media?parent=353"}],"wp:term":[{"taxonomy":"product_cat","embeddable":true,"href":"https:\/\/demoweb.company\/fujiseikotech\/wp-json\/wp\/v2\/product_cat?post=353"},{"taxonomy":"product_tag","embeddable":true,"href":"https:\/\/demoweb.company\/fujiseikotech\/wp-json\/wp\/v2\/product_tag?post=353"}],"curies":[{"name":"wp","href":"https:\/\/api.w.org\/{rel}","templated":true}]}}