{"id":91,"date":"2023-05-09T15:06:23","date_gmt":"2023-05-09T08:06:23","guid":{"rendered":"https:\/\/demoweb.company\/noithattmp\/?post_type=product&#038;p=91"},"modified":"2023-05-30T18:28:14","modified_gmt":"2023-05-30T11:28:14","slug":"sofa-goc-2-vang-chan-ech-go-go-do-sf004","status":"publish","type":"product","link":"https:\/\/demoweb.company\/noithattmp\/san-pham\/sofa-goc-2-vang-chan-ech-go-go-do-sf004\/","title":{"rendered":"Sofa g\u00f3c 2 v\u0103ng ch\u00e2n \u1ebfch g\u1ed7 g\u00f5 \u0111\u1ecf &#8211; SF004"},"content":{"rendered":"<p>Nh\u1eefng lo\u1ea1i sofa b\u1eb1ng g\u1ed7 hi\u1ec7n \u0111ang l\u00e0 s\u1ef1 l\u1ef1a ch\u1ecdn h\u00e0ng \u0111\u1ea7u c\u1ee7a nhi\u1ec1u gia \u0111\u00ecnh b\u1edfi \u0111\u1ed9 ch\u1eafc ch\u1eafn, d\u1ec5 v\u1ec7 sinh c\u0169ng nh\u01b0 t\u00ednh th\u1ea9m m\u1ef9 cao. Tr\u00ean th\u1ecb tr\u01b0\u1eddng hi\u1ec7n nay, c\u00e1c lo\u1ea1i\u00a0<strong>sofa g\u1ed7 s\u1ed3i Nga<\/strong>\u00a0\u0111ang \u0111\u01b0\u1ee3c b\u00e1n r\u1ea5t \u0111a d\u1ea1ng v\u1edbi nhi\u1ec1u m\u1eabu m\u00e3 kh\u00e1c nhau do \u0111\u00f3 r\u1ea5t d\u1ec5 \u0111\u1ec3 c\u00f3 th\u1ec3 l\u1ef1a ch\u1ecdn \u0111\u01b0\u1ee3c s\u1ea3n ph\u1ea9m ph\u00f9 h\u1ee3p.<\/p>\n<p><img loading=\"lazy\" decoding=\"async\" class=\"aligncenter size-full wp-image-101\" src=\"https:\/\/demoweb.company\/noithattmp\/wp-content\/uploads\/2023\/05\/sp-4.jpg\" alt=\"\" width=\"800\" height=\"600\" srcset=\"https:\/\/demoweb.company\/noithattmp\/wp-content\/uploads\/2023\/05\/sp-4.jpg 800w, https:\/\/demoweb.company\/noithattmp\/wp-content\/uploads\/2023\/05\/sp-4-600x450.jpg 600w, https:\/\/demoweb.company\/noithattmp\/wp-content\/uploads\/2023\/05\/sp-4-300x225.jpg 300w, https:\/\/demoweb.company\/noithattmp\/wp-content\/uploads\/2023\/05\/sp-4-768x576.jpg 768w\" sizes=\"auto, (max-width: 800px) 100vw, 800px\" \/><\/p>\n<h2><strong>\u01afu \u0111i\u1ec3m c\u1ee7a sofa g\u1ed7 s\u1ed3i Nga<\/strong><\/h2>\n<p>C\u00f3 th\u1ec3 b\u1ea1n ch\u01b0a bi\u1ebft, g\u1ed7 s\u1ed3i Nga l\u00e0 1 d\u00f2ng g\u1ed7 t\u1ef1 nhi\u00ean cao c\u1ea5p \u0111\u01b0\u1ee3c nh\u1eadp kh\u1ea9u tr\u1ef1c ti\u1ebfp t\u1eeb n\u01b0\u1edbc ngo\u00e0i, lo\u1ea1i g\u1ed7 n\u00e0y \u0111\u01b0\u1ee3c \u1ee9ng d\u1ee5ng nhi\u1ec1u trong vi\u1ec7c s\u1ea3n xu\u1ea5t n\u1ed9i th\u1ea5t g\u1ed7 trong \u0111\u00f3 c\u00f3 sofa g\u1ed7 s\u1ed3i Nga. Tuy kh\u00f4ng ch\u1ea5t l\u01b0\u1ee3ng b\u1eb1ng v\u1edbi g\u1ed7 \u00f3c ch\u00f3 nh\u01b0ng\u00a0<strong>b\u00e0n gh\u1ebf sofa g\u1ed7 s\u1ed3i Nga<\/strong> c\u0169ng c\u00f3 \u0111\u1ed9 c\u1ee9ng v\u00e0 kh\u1ea3 n\u0103ng ch\u1ecbu l\u1ef1c t\u01b0\u01a1ng \u0111\u1ed1i t\u1ed1t v\u00e0 r\u1ea5t ph\u00f9 h\u1ee3p v\u1edbi kh\u00ed h\u1eadu nhi\u1ec7t \u0111\u1edbi \u1ea9m gi\u00f3 m\u00f9a \u1edf Vi\u1ec7t Nam.<\/p>\n<p>Kh\u00f4ng nh\u1eefng v\u1eady, g\u1ed7 s\u1ed3i c\u00f3 kh\u1ea3 n\u0103ng ch\u1ed1ng \u1ea9m t\u1ed1t, \u00edt b\u1ecb m\u1ed1i m\u1ecdt do \u0111\u00f3 tu\u1ed5i th\u1ecd s\u1eed d\u1ee5ng c\u00f3 th\u1ec3 l\u00ean \u0111\u1ebfn m\u1ea5y ch\u1ee5c n\u0103m m\u00e0 ch\u1ea5t l\u01b0\u1ee3ng kh\u00f4ng b\u1ecb \u1ea3nh h\u01b0\u1edfng qu\u00e1 nhi\u1ec1u. G\u1ed7 s\u1ed3i Nga t\u1ef1 nhi\u00ean mang m\u00e0u s\u1eafc nh\u1eb9 nh\u00e0ng, v\u00e2n g\u1ed7 m\u1ec1m m\u1ea1i, thanh tho\u00e1t v\u00f4 c\u00f9ng th\u00edch h\u1ee3p v\u1edbi ph\u00f2ng kh\u00e1ch mang phong c\u00e1ch hi\u1ec7n \u0111\u1ea1i.<\/p>\n<p>\u0110\u1eb7c bi\u1ec7t, m\u00e0u s\u1eafc t\u1ef1 nhi\u00ean c\u1ee7a g\u1ed7 s\u1ed3i c\u0169ng r\u1ea5t d\u1ec5 d\u00e0ng ph\u1ed1i h\u1ee3p v\u1edbi m\u00e0u s\u1eafc c\u1ee7a c\u00e1c ph\u1ee5 ki\u1ec7n nh\u01b0: b\u1ecdc \u0111\u1ec7m, b\u1ecdc g\u1ed1i \u00f4m, g\u1ed1i t\u1ef1a,\u2026 do \u0111\u00f3 b\u1ea1n c\u00f3 th\u1ec3 l\u1ef1a ch\u1ecdn c\u00e1c ph\u1ee5 ki\u1ec7n theo s\u1edf th\u00edch c\u1ee7a m\u00ecnh.<\/p>\n<p>Th\u1ef1c t\u1ebf, gi\u00e1 th\u00e0nh sofa g\u1ed7 s\u1ed3i Nga kh\u00e1 r\u1ebb so v\u1edbi sofa \u0111\u01b0\u1ee3c l\u00e0m t\u1eeb c\u00e1c lo\u1ea1i g\u1ed7 nh\u1eadp kh\u1ea9u kh\u00e1c nh\u01b0ng v\u1eabn c\u00f3 th\u1ec3 \u0111\u00e1p \u1ee9ng \u0111\u1ea7y \u0111\u1ee7 y\u00eau c\u1ea7u c\u1ee7a kh\u00e1ch h\u00e0ng v\u1ec1 th\u1ea9m m\u1ef9 v\u00e0 \u0111\u1ed9 b\u1ec1n ch\u1eafc mang l\u1ea1i hi\u1ec7u qu\u1ea3 cao trong qu\u00e1 tr\u00ecnh s\u1eed d\u1ee5ng.<\/p>\n<p>Tuy nhi\u00ean, g\u1ed7 s\u1ed3i Nga c\u0169ng c\u00f3 m\u1ed9t v\u00e0i nh\u01b0\u1ee3c \u0111i\u1ec3m \u0111\u00f3 l\u00e0 kh\u00e1 t\u1ed1n th\u1eddi gian \u0111\u1ec3 kh\u00f4 l\u1ea1i v\u00e0 n\u1ebfu kh\u00f4ng x\u1eed l\u00fd chuy\u00ean nghi\u1ec7p th\u00ec c\u00f3 th\u1ec3 s\u1ebd b\u1ecb cong, v\u00eanh khi ph\u01a1i kh\u00f4 do \u0111\u00f3 b\u1ea1n c\u1ea7n l\u1ef1a ch\u1ecdn \u0111\u01a1n v\u1ecb cung c\u1ea5p uy t\u00edn \u0111\u1ec3 c\u00f3 th\u1ec3 x\u1eed l\u00fd chuy\u00ean nghi\u1ec7p \u0111\u01b0\u1ee3c lo\u1ea1i g\u1ed7 n\u00e0y.<\/p>\n<h2><strong>V\u00ec sao n\u00ean l\u1ef1a ch\u1ecdn b\u00e0n gh\u1ebf sofa g\u1ed7 s\u1ed3i Nga t\u1ea1i N\u1ed9i Th\u1ea5t TMP?<\/strong><\/h2>\n<p>Th\u1ef1c t\u1ebf, nhi\u1ec1u ng\u01b0\u1eddi ti\u00eau d\u00f9ng th\u01b0\u1eddng kh\u00f4ng t\u00ecm hi\u1ec3u k\u1ef9 tr\u01b0\u1edbc khi mua ch\u00ednh v\u00ec v\u1eady r\u1ea5t d\u1ec5 mua ph\u1ea3i nh\u1eefng s\u1ea3n ph\u1ea9m k\u00e9m ch\u1ea5t l\u01b0\u1ee3ng \u1ea3nh h\u01b0\u1edfng \u0111\u1ebfn qu\u00e1 tr\u00ecnh s\u1eed d\u1ee5ng sau n\u00e0y do \u0111\u00f3 h\u00e3y t\u00ecm hi\u1ec3u th\u1eadt k\u1ef9 tr\u01b0\u1edbc khi mua.<\/p>\n<p><strong>N\u1ed9i Th\u1ea5t TMP<\/strong> t\u1ef1 h\u00e0o l\u00e0 \u0111\u01a1n v\u1ecb cung c\u1ea5p c\u00e1c s\u1ea3n ph\u1ea9m n\u1ed9i th\u1ea5t h\u00e0ng ch\u1ea5t l\u01b0\u1ee3ng h\u00e0ng \u0111\u1ea7u t\u1ea1i H\u00e0 N\u1ed9i. \u0110\u1ec3 mang l\u1ea1i nh\u1eefng m\u1eabu <strong>sofa g\u1ed7 s\u1ed3i nga gi\u00e1 r\u1ebb<\/strong>\u00a0cho kh\u00e1ch h\u00e0ng, ch\u00fang t\u00f4i \u00e1p d\u1ee5ng c\u00f4ng ngh\u1ec7 k\u1ef9 thu\u1eadt hi\u1ec7n \u0111\u1ea1i k\u1ebft h\u1ee3p v\u1edbi \u0111\u1ed9i ng\u0169 nh\u00e2n vi\u00ean gi\u00e0u kinh nghi\u1ec7m do \u0111\u00f3 v\u1ec1 ch\u1ea5t l\u01b0\u1ee3ng b\u1ea1n ho\u00e0n to\u00e0n c\u00f3 th\u1ec3 y\u00ean t\u00e2m.<\/p>\n<p>Theo \u0111\u00f3, g\u1ed7 S\u1ed3i \u0111\u01b0\u1ee3c <strong>N\u1ed9i Th\u1ea5t TMP<\/strong> nh\u1eadp kh\u1ea9u nguy\u00ean li\u1ec7u t\u1eeb Nga \u0111\u1ea3m b\u1ea3o t\u00ednh th\u1ea9m m\u1ef9 v\u00e0 tu\u1ed5i k\u1ebft h\u1ee3p v\u1edbi c\u00f4ng ngh\u1ec7 k\u1ef9 thu\u1eadt hi\u1ec7n \u0111\u1ea1i nh\u01b0: t\u1ea9m s\u1ea5y, ch\u1ed1ng m\u1ed1i m\u1ecdt, co ng\u00f3t, cong v\u00eanh,\u2026do \u0111\u00f3 c\u00f3 th\u1ec3 kh\u1eafc ph\u1ee5c \u0111\u01b0\u1ee3c nh\u1eefng nh\u01b0\u1ee3c \u0111i\u1ec3m c\u1ee7a g\u1ed7 S\u1ed3i.<\/p>\n<p>Khi mua h\u00e0ng t\u1ea1i <strong>N\u1ed9i Th\u1ea5t TMP<\/strong>, qu\u00fd kh\u00e1ch s\u1ebd \u0111\u01b0\u1ee3c t\u01b0 v\u1ea5n t\u1eadn t\u00ecnh \u0111\u1ec3 c\u00f3 th\u1ec3 ch\u1ecdn \u0111\u01b0\u1ee3c m\u1eabu <strong>b\u00e0n gh\u1ebf sofa g\u1ed7 s\u1ed3i nga gi\u00e1 r\u1ebb\u00a0<\/strong>ph\u00f9 h\u1ee3p c\u0169ng nh\u01b0 c\u00f3 th\u1ec3 l\u1ef1a ch\u1ecdn m\u00e0u s\u1eafc ch\u1ea5t li\u1ec7u c\u1ee7a \u0111\u1ec7m, b\u1ecdc \u0111\u1ec7m,&#8230;theo s\u1edf th\u00edch \u0111\u1ec3 ph\u00f9 h\u1ee3p v\u1edbi kh\u00f4ng gian ph\u00f2ng kh\u00e1ch c\u1ee7a gia \u0111\u00ecnh m\u00ecnh.<\/p>\n<p>\u0110\u1ec3 ti\u1ebft ki\u1ec7m th\u1eddi gian, ch\u00fang t\u00f4i s\u1ebd giao h\u00e0ng t\u1eadn n\u01a1i trong th\u1eddi gian s\u1edbm nh\u1ea5t trong kho\u1ea3ng t\u1eeb 3-5 ng\u00e0y \u0111\u1ec3 kh\u00f4ng \u1ea3nh h\u01b0\u1edfng \u0111\u1ebfn qu\u00e1 tr\u00ecnh thi c\u00f4ng c\u1ee7a kh\u00e1ch h\u00e0ng.<\/p>\n<h2 class=\"title-menu\">Th\u00f4ng tin li\u00ean h\u1ec7:<\/h2>\n<p><i class=\"fas fa-map-marker-alt\"><\/i><strong>\u0110\u1ecba ch\u1ec9:<\/strong>\u00a0365 + 367 Tr\u01b0\u1eddng Chinh, Ki\u1ebfn An, H\u1ea3i Ph\u00f2ng<\/p>\n<p><i class=\"fas fa-phone-volume\"><\/i><strong>Tel:<\/strong>\u00a00708461461 &#8211;\u00a0<strong>Hotline:<\/strong>\u00a00708461461<\/p>\n<p><i class=\"far fa-envelope\"><\/i><strong>Email:<\/strong>\u00a0<a href=\"mailto:congtytmphp@gmail.com\">congtytmphp@gmail.com<\/a><\/p>\n<p><i class=\"fas fa-globe\"><\/i><strong>Website:<\/strong>\u00a0<a href=\"https:\/\/noithattmp.vn\/\">https:\/\/noithattmp.vn<\/a><\/p>\n","protected":false},"excerpt":{"rendered":"<p>Nh\u1eefng lo\u1ea1i sofa b\u1eb1ng g\u1ed7 hi\u1ec7n \u0111ang l\u00e0 s\u1ef1 l\u1ef1a ch\u1ecdn h\u00e0ng \u0111\u1ea7u c\u1ee7a nhi\u1ec1u gia \u0111\u00ecnh b\u1edfi \u0111\u1ed9 ch\u1eafc ch\u1eafn, d\u1ec5 v\u1ec7 sinh c\u0169ng nh\u01b0 t\u00ednh th\u1ea9m m\u1ef9 cao. Tr\u00ean th\u1ecb tr\u01b0\u1eddng hi\u1ec7n nay, c\u00e1c lo\u1ea1i\u00a0sofa g\u1ed7 s\u1ed3i Nga\u00a0\u0111ang \u0111\u01b0\u1ee3c b\u00e1n r\u1ea5t \u0111a d\u1ea1ng v\u1edbi nhi\u1ec1u m\u1eabu m\u00e3 kh\u00e1c nhau do \u0111\u00f3 r\u1ea5t d\u1ec5&#8230;<\/p>\n","protected":false},"featured_media":624,"comment_status":"open","ping_status":"closed","template":"","meta":[],"product_cat":[19,18,20,21],"product_tag":[],"class_list":["post-91","product","type-product","status-publish","has-post-thumbnail","hentry","product_cat-phong-an","product_cat-phong-khach","product_cat-phong-ngu","product_cat-phong-tho"],"_links":{"self":[{"href":"https:\/\/demoweb.company\/noithattmp\/wp-json\/wp\/v3\/product\/91","targetHints":{"allow":["GET"]}}],"collection":[{"href":"https:\/\/demoweb.company\/noithattmp\/wp-json\/wp\/v3\/product"}],"about":[{"href":"https:\/\/demoweb.company\/noithattmp\/wp-json\/wp\/v2\/types\/product"}],"replies":[{"embeddable":true,"href":"https:\/\/demoweb.company\/noithattmp\/wp-json\/wp\/v2\/comments?post=91"}],"wp:featuredmedia":[{"embeddable":true,"href":"https:\/\/demoweb.company\/noithattmp\/wp-json\/wp\/v2\/media\/624"}],"wp:attachment":[{"href":"https:\/\/demoweb.company\/noithattmp\/wp-json\/wp\/v2\/media?parent=91"}],"wp:term":[{"taxonomy":"product_cat","embeddable":true,"href":"https:\/\/demoweb.company\/noithattmp\/wp-json\/wp\/v2\/product_cat?post=91"},{"taxonomy":"product_tag","embeddable":true,"href":"https:\/\/demoweb.company\/noithattmp\/wp-json\/wp\/v2\/product_tag?post=91"}],"curies":[{"name":"wp","href":"https:\/\/api.w.org\/{rel}","templated":true}]}}